{"id":971,"date":"2025-09-01T09:46:49","date_gmt":"2025-09-01T07:46:49","guid":{"rendered":"http:\/\/www.klasterdoksany.net\/?page_id=971"},"modified":"2025-09-01T10:36:50","modified_gmt":"2025-09-01T08:36:50","slug":"povolani","status":"publish","type":"page","link":"https:\/\/www.klasterdoksany.net\/?page_id=971","title":{"rendered":"Povol\u00e1n\u00ed"},"content":{"rendered":"<section id=\"builder-section-text_11\" class=\"builder-section-first builder-section builder-section-text builder-section-next-text builder-text-columns-1\" style=\"background-size: cover; background-repeat: no-repeat;background-position: center center;\">\n<div class=\"builder-section-content\">\n<div class=\"builder-text-row\">\n<div class=\"builder-text-column builder-text-column-1\" id=\"builder-section-text_11-column-1\">\n<div class=\"builder-text-content\">\n<p><img loading=\"lazy\" decoding=\"async\" src=\"http:\/\/www.klasterdoksany.net\/wp-content\/uploads\/KlasterDoksany\/9374a0_d77c8f7435534fa08cc4ee97c0bb377bmv2.jpg\" alt=\"\" width=\"902\" height=\"502\" class=\"aligncenter size-full wp-image-973\" srcset=\"https:\/\/www.klasterdoksany.net\/wp-content\/uploads\/KlasterDoksany\/9374a0_d77c8f7435534fa08cc4ee97c0bb377bmv2.jpg 902w, https:\/\/www.klasterdoksany.net\/wp-content\/uploads\/KlasterDoksany\/9374a0_d77c8f7435534fa08cc4ee97c0bb377bmv2-300x167.jpg 300w, https:\/\/www.klasterdoksany.net\/wp-content\/uploads\/KlasterDoksany\/9374a0_d77c8f7435534fa08cc4ee97c0bb377bmv2-768x427.jpg 768w\" sizes=\"auto, (max-width: 902px) 100vw, 902px\" \/><\/p>\n<\/p><\/div>\n<\/p><\/div>\n<\/p><\/div>\n<\/p><\/div>\n<\/section>\n<section id=\"builder-section-text_37\" class=\"builder-section-prev-text builder-section builder-section-text builder-section-next-text builder-text-columns-1\" style=\"background-size: cover; background-repeat: no-repeat;background-position: center center;\">\n<div class=\"builder-section-content\">\n<div class=\"builder-text-row\">\n<div class=\"builder-text-column builder-text-column-1\" id=\"builder-section-text_37-column-1\">\n<div class=\"builder-text-content\">\n<p style=\"text-align: justify\">Kontemplativn\u00ed \u017eivot, zako\u0159en\u011bn\u00fd v tichu, je jako prvn\u00ed z forem zasv\u011bcen\u00e9ho \u017eivota v c\u00edrkvi, veden hled\u00e1n\u00edm Bo\u017e\u00ed tv\u00e1\u0159e, o n\u00ed\u017e sv\u011bd\u010d\u00ed a kterou tak\u00e9 z\u00e1rove\u0148 nahl\u00ed\u017e\u00ed v srdci sv\u011bta. P\u0159\u00edtomnost komunit, je\u017e jsou jako m\u011bsta na ho\u0159e a lampy na podstavci (srov. Mt 5,14n), jakkoli je prost\u00fd jejich zp\u016fsob \u017eivota, zjevn\u011b ukazuje na c\u00edl, k n\u011bmu\u017e sm\u011b\u0159uje cel\u00e9 c\u00edrkevn\u00ed spole\u010denstv\u00ed po cest\u00e1ch \u010dasu, vyhl\u00ed\u017eeje budouc\u00ed zavr\u0161en\u00ed v\u0161ech v\u011bc\u00ed v Kristu Je\u017e\u00ed\u0161i.<\/p>\n<p style=\"text-align: justify\">Vstup do \u0159eholn\u00edho spole\u010denstv\u00ed je velkou v\u00fdzvou a vy\u017eaduje od kandid\u00e1tky \u00fapln\u00e9 sebedarov\u00e1n\u00ed. Vstoupit lze pouze s p\u0159ijet\u00edm v\u0161ech d\u016fsledk\u016f t\u00e9to celistvosti, s p\u0159ijet\u00edm zku\u0161enost\u00ed, n\u00e1rok\u016f, ob\u011bt\u00ed i radost\u00ed v\u0161ech t\u0159\u00ed slib\u016f a s celo\u017eivotn\u00edm nasazen\u00edm \u2013 nebo nevstoupit v\u016fbec. Toto \u201ev\u0161echno nebo nic\u201c se dnes m\u016f\u017ee zd\u00e1t p\u0159ed\u010dasn\u00e9 a starom\u00f3dn\u00ed, ale z\u016fst\u00e1v\u00e1 st\u00e1le pravdiv\u00e9 . Takov\u00fd krok do na\u0161eho \u0159\u00e1du nep\u0159ich\u00e1z\u00ed automaticky, mus\u00ed p\u0159ekonat mnoho p\u0159ek\u00e1\u017eek.<\/p>\n<p style=\"text-align: justify\">Formace je duchovn\u00ed  a vnit\u0159n\u00ed proces a z\u00e1kladn\u00edm \u201eform\u00e1torem\u201c  a Mistrem je Duch svat\u00fd, Duch P\u00e1n\u011b, kter\u00fd povol\u00e1v\u00e1 a p\u0159itahuje, vyb\u00edr\u00e1 a formuje. Kone\u010dn\u00fdm c\u00edlem procesu formace je pomoci kandid\u00e1tce odpov\u011bd\u011bt na toto vol\u00e1n\u00ed, n\u00e1sledovat tento hlas, u\u010dinit z\u00e1sadn\u00ed \u017eivotn\u00ed rozhodnut\u00ed n\u00e1sledovat Je\u017e\u00ed\u0161e Krista, st\u00e1le t\u011bsn\u011bji se s N\u00edm sjednocovat a b\u00fdt mu podobnou.<\/p>\n<p><center><\/p>\n<h3>Etapy formace ke kontemplativn\u00edmu \u017eivotu<\/h3>\n<p><\/center><\/p>\n<p><img loading=\"lazy\" decoding=\"async\" src=\"http:\/\/www.klasterdoksany.net\/wp-content\/uploads\/KlasterDoksany\/d6b16c1502544455a85948545696427f.jpg\" alt=\"\" width=\"361\" height=\"131\" class=\"alignright size-full wp-image-545\" srcset=\"https:\/\/www.klasterdoksany.net\/wp-content\/uploads\/KlasterDoksany\/d6b16c1502544455a85948545696427f.jpg 361w, https:\/\/www.klasterdoksany.net\/wp-content\/uploads\/KlasterDoksany\/d6b16c1502544455a85948545696427f-300x109.jpg 300w\" sizes=\"auto, (max-width: 361px) 100vw, 361px\" \/><strong>Z\u00e1jemkyn\u011b o \u0159eholn\u00ed \u017eivot<\/strong><br \/>\nD\u00edvka\/\u017eena, kter\u00e1 m\u00e1 hlub\u0161\u00ed z\u00e1jem o n\u00e1\u0161 zp\u016fsob \u0159eholn\u00edho \u017eivota, n\u00e1s m\u016f\u017ee nav\u0161t\u00edvit a spole\u010dn\u011b s jednou ze sester pohovo\u0159it o sv\u00e9m povol\u00e1n\u00ed.<br \/>\n<\/br><br \/>\n<img loading=\"lazy\" decoding=\"async\" src=\"http:\/\/www.klasterdoksany.net\/wp-content\/uploads\/KlasterDoksany\/48bc17_5bddcdea271b4b00b56f425fb150c638_mv2.jpg\" alt=\"\" width=\"289\" height=\"145\" class=\"alignleft size-full wp-image-476\" \/><strong>Aspirant\u00e1t<\/strong><br \/>\nJe prvn\u00ed obdob\u00ed rozli\u0161ov\u00e1n\u00ed a trv\u00e1 nejm\u00e9n\u011b rok, maxim\u00e1ln\u011b 2 roky. Aspirantka \u017eije a pracuje jako doposud ve sv\u00e9m civiln\u00edm prost\u0159ed\u00ed, \u010dast\u011bji nav\u0161t\u011bvuje na\u0161i komunitu a d\u00e1l rozli\u0161uje sv\u00e9 povol\u00e1n\u00ed. Ke konci tohoto obdob\u00ed pro\u017eije i n\u011bjak\u00fd \u010das uvnit\u0159 kl\u00e1\u0161tera v klauzu\u0159e, aby se bl\u00ed\u017ee sezn\u00e1mila s na\u0161\u00edm \u017eivotem.<br \/>\n<\/br><br \/>\n<img loading=\"lazy\" decoding=\"async\" src=\"http:\/\/www.klasterdoksany.net\/wp-content\/uploads\/KlasterDoksany\/krizek.jpg\" alt=\"\" width=\"335\" height=\"136\" class=\"alignright size-full wp-image-571\" srcset=\"https:\/\/www.klasterdoksany.net\/wp-content\/uploads\/KlasterDoksany\/krizek.jpg 335w, https:\/\/www.klasterdoksany.net\/wp-content\/uploads\/KlasterDoksany\/krizek-300x122.jpg 300w\" sizes=\"auto, (max-width: 335px) 100vw, 335px\" \/><strong>Postul\u00e1t<\/strong><br \/>\nNavazuje na aspirant\u00e1t a trv\u00e1 tak\u00e9 1-2 roky. Postulantka bydl\u00ed v klauzu\u0159e jako ostatn\u00ed sestry a \u00fa\u010dastn\u00ed se spole\u010dn\u00e9ho \u017eivota. Postupn\u011b pozn\u00e1v\u00e1 jeho kr\u00e1su i n\u00e1ro\u010dnost. B\u011bhem tohoto obdob\u00ed m\u016f\u017ee kdykoliv odej\u00edt. Pokud ale chce v zapo\u010dat\u00e9 cest\u011b pokra\u010dovat, po\u017e\u00e1d\u00e1 o p\u0159ijet\u00ed do novici\u00e1tu.<br \/>\n<\/br><br \/>\n<img loading=\"lazy\" decoding=\"async\" src=\"http:\/\/www.klasterdoksany.net\/wp-content\/uploads\/KlasterDoksany\/DSC06769_JPG.jpg\" alt=\"\" width=\"415\" height=\"152\" class=\"alignleft size-full wp-image-549\" srcset=\"https:\/\/www.klasterdoksany.net\/wp-content\/uploads\/KlasterDoksany\/DSC06769_JPG.jpg 415w, https:\/\/www.klasterdoksany.net\/wp-content\/uploads\/KlasterDoksany\/DSC06769_JPG-300x110.jpg 300w\" sizes=\"auto, (max-width: 415px) 100vw, 415px\" \/><strong>Novici\u00e1t<\/strong><br \/>\nZa\u010d\u00edn\u00e1 ob\u0159adem (tzv. obl\u00e1\u010dkou), p\u0159i kter\u00e9m obdr\u017e\u00ed \u0159eholn\u00ed roucho &#8211; b\u00edl\u00fd h\u00e1bit a b\u00edl\u00fd z\u00e1voj, a dostane \u0159eholn\u00ed jm\u00e9no. Novici\u00e1t trv\u00e1 2 roky. Novicka je sv\u011b\u0159ena do p\u00e9\u010de jedn\u00e9 ze sester, kter\u00e1 ji postupn\u011b uv\u00e1d\u00ed do podstaty \u0159eholn\u00edho \u017eivota a pom\u00e1h\u00e1 j\u00ed na t\u00e9to cest\u011b.<br \/>\n<\/br><br \/>\n<img loading=\"lazy\" decoding=\"async\" src=\"http:\/\/www.klasterdoksany.net\/wp-content\/uploads\/KlasterDoksany\/podpis.jpg\" alt=\"\" width=\"263\" height=\"124\" class=\"alignright size-full wp-image-575\" \/><strong>Junior\u00e1t<\/strong><br \/>\nPo skon\u010den\u00ed novici\u00e1tu mohou n\u00e1sledovat prvn\u00ed sliby. Tyto sliby se skl\u00e1daj\u00ed na ur\u010dit\u00e9 obdob\u00ed (nap\u0159. 3 roky) a b\u011bhem junior\u00e1tu se opakuj\u00ed a\u017e k dovr\u0161en\u00ed celkov\u00e9 doby po\u010d\u00e1te\u010dn\u00ed formace, kter\u00e1 mus\u00ed trvat 9-12 let. Od slo\u017een\u00ed prvn\u00edch slib\u016f dost\u00e1v\u00e1 m\u00edsto b\u00edl\u00e9ho z\u00e1voje \u010dern\u00fd.<br \/>\n<\/br><br \/>\n<img loading=\"lazy\" decoding=\"async\" src=\"http:\/\/www.klasterdoksany.net\/wp-content\/uploads\/KlasterDoksany\/prsten.jpg\" alt=\"\" width=\"331\" height=\"125\" class=\"alignleft size-full wp-image-576\" srcset=\"https:\/\/www.klasterdoksany.net\/wp-content\/uploads\/KlasterDoksany\/prsten.jpg 331w, https:\/\/www.klasterdoksany.net\/wp-content\/uploads\/KlasterDoksany\/prsten-300x113.jpg 300w\" sizes=\"auto, (max-width: 331px) 100vw, 331px\" \/><strong>Slavn\u00e9 sliby<\/strong><br \/>\nPo uplynut\u00ed doby po\u010d\u00e1te\u010dn\u00ed formace n\u00e1sleduje slo\u017een\u00ed slavn\u00fdch slib\u016f, kter\u00e9 jsou celo\u017eivotn\u00edm z\u00e1vazkem. P\u0159i nich dost\u00e1v\u00e1 prsten, kter\u00fd je vn\u011bj\u0161\u00edm znamen\u00edm pouta a darov\u00e1n\u00ed sebe sama Bohu a c\u00edrkvi.<\/p>\n<\/p><\/div>\n<\/p><\/div>\n<\/p><\/div>\n<\/p><\/div>\n<\/section>\n<section id=\"builder-section-text_39\" class=\"builder-section-prev-text builder-section builder-section-text builder-section-last builder-text-columns-2\" style=\"background-size: cover; background-repeat: no-repeat;background-position: center center;\">\n<div class=\"builder-section-content\">\n<div class=\"builder-text-row\">\n<div class=\"builder-text-column builder-text-column-1\" id=\"builder-section-text_39-column-1\">\n<div class=\"builder-text-content\">\n<p><img loading=\"lazy\" decoding=\"async\" src=\"http:\/\/www.klasterdoksany.net\/wp-content\/uploads\/KlasterDoksany\/3_JPG-1.jpg\" alt=\"\" width=\"500\" height=\"600\" class=\"aligncenter size-full wp-image-982\" \/><\/p>\n<\/p><\/div>\n<\/p><\/div>\n<div class=\"builder-text-column builder-text-column-2\" id=\"builder-section-text_39-column-2\">\n<div class=\"builder-text-content\">\n<p>Pokud m\u00e1te n\u011bjak\u00fd dotaz, napi\u0161te n\u00e1m.<br \/>\nR\u00e1dy V\u00e1m odpov\u00edme.<\/p>\n\n<div class=\"wpcf7 no-js\" id=\"wpcf7-f940-o1\" lang=\"cs-CZ\" dir=\"ltr\" data-wpcf7-id=\"940\">\n<div class=\"screen-reader-response\"><p role=\"status\" aria-live=\"polite\" aria-atomic=\"true\"><\/p> <ul><\/ul><\/div>\n<form action=\"\/index.php?rest_route=%2Fwp%2Fv2%2Fpages%2F971#wpcf7-f940-o1\" method=\"post\" class=\"wpcf7-form init\" aria-label=\"Kontaktn\u00ed formul\u00e1\u0159\" novalidate=\"novalidate\" data-status=\"init\">\n<fieldset class=\"hidden-fields-container\"><input type=\"hidden\" name=\"_wpcf7\" value=\"940\" \/><input type=\"hidden\" name=\"_wpcf7_version\" value=\"6.1.5\" \/><input type=\"hidden\" name=\"_wpcf7_locale\" value=\"cs_CZ\" \/><input type=\"hidden\" name=\"_wpcf7_unit_tag\" value=\"wpcf7-f940-o1\" \/><input type=\"hidden\" name=\"_wpcf7_container_post\" value=\"0\" \/><input type=\"hidden\" name=\"_wpcf7_posted_data_hash\" value=\"\" \/>\n<\/fieldset>\n<p><label> Va\u0161e jm\u00e9no<br \/>\n<span class=\"wpcf7-form-control-wrap\" data-name=\"your-name\"><input size=\"40\" maxlength=\"400\" class=\"wpcf7-form-control wpcf7-text wpcf7-validates-as-required\" autocomplete=\"name\" aria-required=\"true\" aria-invalid=\"false\" value=\"\" type=\"text\" name=\"your-name\" \/><\/span> <\/label>\n<\/p>\n<p><label> V\u00e1\u0161 e-mail<br \/>\n<span class=\"wpcf7-form-control-wrap\" data-name=\"your-email\"><input size=\"40\" maxlength=\"400\" class=\"wpcf7-form-control wpcf7-email wpcf7-validates-as-required wpcf7-text wpcf7-validates-as-email\" autocomplete=\"email\" aria-required=\"true\" aria-invalid=\"false\" value=\"\" type=\"email\" name=\"your-email\" \/><\/span> <\/label>\n<\/p>\n<p><label> Va\u0161e zpr\u00e1va<br \/>\n<span class=\"wpcf7-form-control-wrap\" data-name=\"your-message\"><textarea cols=\"40\" rows=\"10\" maxlength=\"2000\" class=\"wpcf7-form-control wpcf7-textarea\" aria-invalid=\"false\" name=\"your-message\"><\/textarea><\/span> <\/label>\n<\/p>\n<p><input class=\"wpcf7-form-control wpcf7-submit has-spinner\" type=\"submit\" value=\"Odeslat\" \/>\n<\/p><div class=\"wpcf7-response-output\" aria-hidden=\"true\"><\/div>\n<\/form>\n<\/div>\n\n<\/p><\/div>\n<\/p><\/div>\n<\/p><\/div>\n<\/p><\/div>\n<\/section>\n","protected":false},"excerpt":{"rendered":"<p>Kontemplativn\u00ed \u017eivot, zako\u0159en\u011bn\u00fd v tichu, je jako prvn\u00ed z forem zasv\u011bcen\u00e9ho \u017eivota v c\u00edrkvi, veden hled\u00e1n\u00edm Bo\u017e\u00ed tv\u00e1\u0159e, o n\u00ed\u017e sv\u011bd\u010d\u00ed a kterou tak\u00e9 z\u00e1rove\u0148 nahl\u00ed\u017e\u00ed v srdci sv\u011bta. P\u0159\u00edtomnost komunit, je\u017e jsou jako m\u011bsta na ho\u0159e a lampy na podstavci (srov. Mt 5,14n), jakkoli je prost\u00fd jejich zp\u016fsob \u017eivota, zjevn\u011b ukazuje na c\u00edl, k &hellip;<\/p>\n","protected":false},"author":1,"featured_media":0,"parent":0,"menu_order":0,"comment_status":"closed","ping_status":"closed","template":"template-builder.php","meta":{"footnotes":""},"class_list":["post-971","page","type-page","status-publish","hentry"],"_links":{"self":[{"href":"https:\/\/www.klasterdoksany.net\/index.php?rest_route=\/wp\/v2\/pages\/971","targetHints":{"allow":["GET"]}}],"collection":[{"href":"https:\/\/www.klasterdoksany.net\/index.php?rest_route=\/wp\/v2\/pages"}],"about":[{"href":"https:\/\/www.klasterdoksany.net\/index.php?rest_route=\/wp\/v2\/types\/page"}],"author":[{"embeddable":true,"href":"https:\/\/www.klasterdoksany.net\/index.php?rest_route=\/wp\/v2\/users\/1"}],"replies":[{"embeddable":true,"href":"https:\/\/www.klasterdoksany.net\/index.php?rest_route=%2Fwp%2Fv2%2Fcomments&post=971"}],"version-history":[{"count":14,"href":"https:\/\/www.klasterdoksany.net\/index.php?rest_route=\/wp\/v2\/pages\/971\/revisions"}],"predecessor-version":[{"id":987,"href":"https:\/\/www.klasterdoksany.net\/index.php?rest_route=\/wp\/v2\/pages\/971\/revisions\/987"}],"wp:attachment":[{"href":"https:\/\/www.klasterdoksany.net\/index.php?rest_route=%2Fwp%2Fv2%2Fmedia&parent=971"}],"curies":[{"name":"wp","href":"https:\/\/api.w.org\/{rel}","templated":true}]}}