{"id":910,"date":"2025-08-29T13:59:06","date_gmt":"2025-08-29T11:59:06","guid":{"rendered":"http:\/\/www.klasterdoksany.net\/?page_id=910"},"modified":"2025-12-02T14:39:31","modified_gmt":"2025-12-02T13:39:31","slug":"prohlidky","status":"publish","type":"page","link":"https:\/\/www.klasterdoksany.net\/?page_id=910","title":{"rendered":"Prohl\u00eddky"},"content":{"rendered":"<section id=\"builder-section-text_37\" class=\"builder-section-first builder-section builder-section-text builder-section-next-text builder-text-columns-2\" style=\"background-size: cover; background-repeat: no-repeat;background-position: center center;\">\n<div class=\"builder-section-content\">\n<div class=\"builder-text-row\">\n<div class=\"builder-text-column builder-text-column-1\" id=\"builder-section-text_37-column-1\">\n<div class=\"builder-text-content\">\n<p><img loading=\"lazy\" decoding=\"async\" src=\"http:\/\/www.klasterdoksany.net\/wp-content\/uploads\/KlasterDoksany\/9374a0_bb4d087208f54496a16f28eafc185ed1mv2.jpg\" alt=\"\" width=\"463\" height=\"308\" class=\"aligncenter size-full wp-image-912\" srcset=\"https:\/\/www.klasterdoksany.net\/wp-content\/uploads\/KlasterDoksany\/9374a0_bb4d087208f54496a16f28eafc185ed1mv2.jpg 463w, https:\/\/www.klasterdoksany.net\/wp-content\/uploads\/KlasterDoksany\/9374a0_bb4d087208f54496a16f28eafc185ed1mv2-300x200.jpg 300w, https:\/\/www.klasterdoksany.net\/wp-content\/uploads\/KlasterDoksany\/9374a0_bb4d087208f54496a16f28eafc185ed1mv2-174x116.jpg 174w\" sizes=\"auto, (max-width: 463px) 100vw, 463px\" \/><\/p>\n<\/p><\/div>\n<\/p><\/div>\n<div class=\"builder-text-column builder-text-column-2\" id=\"builder-section-text_37-column-2\">\n<div class=\"builder-text-content\">\n<p><img loading=\"lazy\" decoding=\"async\" src=\"http:\/\/www.klasterdoksany.net\/wp-content\/uploads\/KlasterDoksany\/krypta.jpg\" alt=\"\" width=\"463\" height=\"308\" class=\"aligncenter size-full wp-image-913\" srcset=\"https:\/\/www.klasterdoksany.net\/wp-content\/uploads\/KlasterDoksany\/krypta.jpg 463w, https:\/\/www.klasterdoksany.net\/wp-content\/uploads\/KlasterDoksany\/krypta-300x200.jpg 300w, https:\/\/www.klasterdoksany.net\/wp-content\/uploads\/KlasterDoksany\/krypta-174x116.jpg 174w\" sizes=\"auto, (max-width: 463px) 100vw, 463px\" \/><\/p>\n<\/p><\/div>\n<\/p><\/div>\n<\/p><\/div>\n<\/p><\/div>\n<\/section>\n<section id=\"builder-section-text_11\" class=\"builder-section-prev-text builder-section builder-section-text builder-section-last builder-text-columns-1\" style=\"background-size: cover; background-repeat: no-repeat;background-position: center center;\">\n<div class=\"builder-section-content\">\n<div class=\"builder-text-row\">\n<div class=\"builder-text-column builder-text-column-1\" id=\"builder-section-text_11-column-1\">\n<div class=\"builder-text-content\">\n<p>\u00a0<\/p>\n<h2>Prohl\u00eddka kostela a krypty<\/h2>\n<p>Prohl\u00eddky kostela a rom\u00e1nsk\u00e9 &#8222;krypty&#8220; prob\u00edhaj\u00ed s pr\u016fvodcem, kter\u00fd n\u00e1v\u0161t\u011bvn\u00edky sezn\u00e1m\u00ed s histori\u00ed i sou\u010dasnost\u00ed kl\u00e1\u0161tera.<\/p>\n<p>Vstupn\u00e9 se nevyb\u00edr\u00e1. Je v\u0161ak mo\u017en\u00e9 p\u0159isp\u011bt do kasi\u010dky v kostele na provoz kostela a farnosti.<\/p>\n<p>Prohl\u00eddka trv\u00e1 p\u0159ibli\u017en\u011b 45 minut.<\/p>\n<p>\u200b<br \/>Od 15. z\u00e1\u0159\u00ed 2025 do 30. dubna 2026 si bude mo\u017en\u00e9 prohl\u00e9dnout kostel a kryptu pouze po p\u0159edchoz\u00ed dohod\u011b.<\/p>\n<p>Pro domluvu prohl\u00eddky v jin\u00fd term\u00edn nebo v\u011bt\u0161\u00ed skupinu, kontaktujte s dostate\u010dn\u00fdm p\u0159edstihem pr\u016fvodce na tel.<strong>733793716<\/strong><\/p>\n<\/p><\/div>\n<\/p><\/div>\n<\/p><\/div>\n<\/p><\/div>\n<\/section>\n","protected":false},"excerpt":{"rendered":"<p>\u00a0 Prohl\u00eddka kostela a krypty Prohl\u00eddky kostela a rom\u00e1nsk\u00e9 &#8222;krypty&#8220; prob\u00edhaj\u00ed s pr\u016fvodcem, kter\u00fd n\u00e1v\u0161t\u011bvn\u00edky sezn\u00e1m\u00ed s histori\u00ed i sou\u010dasnost\u00ed kl\u00e1\u0161tera. Vstupn\u00e9 se nevyb\u00edr\u00e1. Je v\u0161ak mo\u017en\u00e9 p\u0159isp\u011bt do kasi\u010dky v kostele na provoz kostela a farnosti. Prohl\u00eddka trv\u00e1 p\u0159ibli\u017en\u011b 45 minut. \u200bOd 15. z\u00e1\u0159\u00ed 2025 do 30. dubna 2026 si bude mo\u017en\u00e9 prohl\u00e9dnout kostel &hellip;<\/p>\n","protected":false},"author":1,"featured_media":0,"parent":0,"menu_order":0,"comment_status":"closed","ping_status":"closed","template":"template-builder.php","meta":{"footnotes":""},"class_list":["post-910","page","type-page","status-publish","hentry"],"_links":{"self":[{"href":"https:\/\/www.klasterdoksany.net\/index.php?rest_route=\/wp\/v2\/pages\/910","targetHints":{"allow":["GET"]}}],"collection":[{"href":"https:\/\/www.klasterdoksany.net\/index.php?rest_route=\/wp\/v2\/pages"}],"about":[{"href":"https:\/\/www.klasterdoksany.net\/index.php?rest_route=\/wp\/v2\/types\/page"}],"author":[{"embeddable":true,"href":"https:\/\/www.klasterdoksany.net\/index.php?rest_route=\/wp\/v2\/users\/1"}],"replies":[{"embeddable":true,"href":"https:\/\/www.klasterdoksany.net\/index.php?rest_route=%2Fwp%2Fv2%2Fcomments&post=910"}],"version-history":[{"count":5,"href":"https:\/\/www.klasterdoksany.net\/index.php?rest_route=\/wp\/v2\/pages\/910\/revisions"}],"predecessor-version":[{"id":1163,"href":"https:\/\/www.klasterdoksany.net\/index.php?rest_route=\/wp\/v2\/pages\/910\/revisions\/1163"}],"wp:attachment":[{"href":"https:\/\/www.klasterdoksany.net\/index.php?rest_route=%2Fwp%2Fv2%2Fmedia&parent=910"}],"curies":[{"name":"wp","href":"https:\/\/api.w.org\/{rel}","templated":true}]}}