{"id":889,"date":"2025-08-29T13:33:57","date_gmt":"2025-08-29T11:33:57","guid":{"rendered":"http:\/\/www.klasterdoksany.net\/?page_id=889"},"modified":"2025-08-29T13:33:57","modified_gmt":"2025-08-29T11:33:57","slug":"oda-z-bonne-esperance","status":"publish","type":"page","link":"https:\/\/www.klasterdoksany.net\/?page_id=889","title":{"rendered":"Oda z Bonne-Esp\u00e9rance"},"content":{"rendered":"<section id=\"builder-section-text_11\" class=\"builder-section-first builder-section builder-section-text builder-section-last builder-text-columns-1\" style=\"background-size: cover; background-repeat: no-repeat;background-position: center center;\">\n<div class=\"builder-section-content\">\n<div class=\"builder-text-row\">\n<div class=\"builder-text-column builder-text-column-1\" id=\"builder-section-text_11-column-1\">\n<div class=\"builder-text-content\">\n<h2>Oda z Bonne-Esp\u00e9rance<\/h2>\n<p>P\u0159i zkoum\u00e1n\u00ed \u017eivota blahoslaven\u00e9 Ody se poprv\u00e9 setk\u00e1v\u00e1me s Filipem z Harvengtu, opatem Bonne-Esperance v kraji Hainaut. Filip sestavil \u017eivotopis t\u00e9to mlad\u00e9 svat\u00e9 na \u017e\u00e1dost sester z jej\u00edho kl\u00e1\u0161tera. Napsal jej sv\u00fdm pe\u010dliv\u00fdm a propracovan\u00fdm stylem a vlo\u017eil do n\u011bj cele sv\u00e9 srdce.<br \/>\nJist\u011b n\u00e1s ohrom\u00ed mravn\u00ed \u00farove\u0148 a state\u010dnost mnoha dcer ze \u0161lechtick\u00fdch rodin, kter\u00e9 opustily v\u0161echno, aby mohly n\u00e1sledovat Krista. Nikdo si nemohl m\u00e9n\u011b cenit bohatstv\u00ed, pohodl\u00ed, poct, moci. Jejich v\u016fle byla pevn\u00e1 jako me\u010de a kop\u00ed jejich brat\u0159i. Tyto bohat\u00e9 \u0161lechti\u010dny byly zvykl\u00e9 ud\u00edlet p\u0159\u00edkazy, co\u017e jim dalo takovou schopnost \u0159\u00edzen\u00ed a veden\u00ed lid\u00ed, \u017ee n\u00e1s neudivuje, \u017ee Robert z Arbrisselle sv\u011b\u0159il spr\u00e1vu kl\u00e1\u0161tera Fontevrault rad\u011bji abaty\u0161i ne\u017e mu\u017esk\u00e9mu p\u0159edstaven\u00e9mu.<\/p>\n<p>Na\u0161e Oda se narodila kolem roku 1120 na hrad\u011b Allouet-sous-Andelmes. Jej\u00ed rodi\u010de se jmenovali Wibert a Tescelina. Byli velmi vzne\u0161en\u00e9ho rodu, ale tak\u00e9 dob\u0159\u00ed k\u0159es\u0165an\u00e9, tak\u017ee se p\u0159irozen\u011b \u201enakazili\u201c my\u0161lenkami apo\u0161tolsk\u00e9ho hnuti. Jejich dcera cht\u011bla pov\u00fd\u0161it \u010dest sv\u00e9ho rodu t\u00edm, \u017ee bude usilovat o svatost. Od d\u011btstv\u00ed milovala \u010distotu, a aby tuto ctnost mohla dob\u0159e st\u0159e\u017eit, cht\u011bla se zasv\u011btit \u017eivotu v klauzu\u0159e. Tou\u017eila po \u0159eholn\u00edm \u017eivot\u011b tak\u00e9 proto, \u017ee v\u011bd\u011bla, jak mnoho du\u0161\u00ed ve sv\u011bt\u011b zhyne. U\u017e na po\u010d\u00e1tku dosp\u00edv\u00e1n\u00ed slo\u017eila slib \u010distoty, ale byla p\u0159\u00edli\u0161 mlad\u00e1, aby mohla vstoupit do kl\u00e1\u0161tera, tak\u017ee z\u016fstala u rodi\u010d\u016f. Ne\u00fa\u010dastnila se v\u0161ak \u017e\u00e1dn\u00fdch sv\u011btsk\u00fdch z\u00e1bav, ani se nep\u0159\u00e1telila s mlad\u00fdmi zh\u00fd\u010dkan\u00fdmi \u0161lechtick\u00fdmi d\u00edvkami, rad\u011bji tr\u00e1vila \u010das dlouh\u00fdmi rozhovory s Bohem. Roky plynuly. Oda c\u00edtila, \u017ee p\u0159ich\u00e1z\u00ed okam\u017eik, kdy se stane \u0159eholnic\u00ed. Ale jej\u00ed rodi\u010de nedbali na slib, kter\u00fd slo\u017eila. Nep\u0159\u00e1li si, aby jejich dcera vstoupila do kl\u00e1\u0161tera a mlad\u00e9 d\u00edvce to dali p\u0159\u00edsn\u011b a ne\u00fastupn\u011b najevo. Proto se obr\u00e1tila na jednoho ze sv\u00fdch p\u0159\u00edbuzn\u00fdch, kter\u00e9ho m\u011bla velmi rada (to n\u00e1m p\u0159ipom\u00edn\u00e1 svatou Janu z Arku, kter\u00e1 se sv\u011b\u0159ila se sv\u00fdm povol\u00e1n\u00edm str\u00fdci Durandu Laxartovi) a se slzami jej \u017e\u00e1dala, aby zachoval tajemstv\u00ed, kter\u00e9 mu chce sv\u011b\u0159it. Pak s n\u00edm hovo\u0159ila o sv\u00e9m povol\u00e1n\u00ed a prosila jej, aby to \u0159ekl ctihodn\u00e9mu Odonovi, zakladateli a prvn\u00edmu opatu Bonne-Esperance. V\u011b\u0159ila, \u017ee Odo dok\u00e1\u017ee p\u0159esv\u011bd\u010dit jej\u00ed rodi\u010de, aby souhlasili s jej\u00edm vstupem do kl\u00e1\u0161tera. Byla v\u0161ak zrazena. P\u0159\u00edbuzn\u00fd prozradil jej\u00ed pl\u00e1ny Wibertovi a Tescelin\u011b. Uboz\u00ed rodi\u010de, skl\u00ed\u010deni bolest\u00ed a starostmi, se na radu p\u0159\u00edbuzn\u00fdch rozhodli Odu rychle provdat.<\/p>\n<p>Ve feud\u00e1lni spole\u010dnosti nesouviselo man\u017eelstv\u00ed se vz\u00e1jemnou l\u00e1skou mezi mlad\u00fdmi lidmi. Rodi\u010de vyb\u00edrali man\u017eelsk\u00e9ho partnera pro sv\u00e9 d\u00edt\u011b podle spole\u010dn\u00e9ho zajmu obou rodin. Wibert a Tescelina hledali n\u011bkoho vhodn\u00e9ho, kdo by mohl zd\u011bdit majetek rodiny Allouet\u016f. Zvolili bohat\u00e9ho a v\u00e1\u017een\u00e9ho mlad\u00e9ho mu\u017ee jm\u00e9nem \u0160imon, kter\u00fd s radost\u00ed souhlasil s t\u00edmto s\u0148atkem, od n\u011bho\u017e si sliboval \u017eivotn\u00ed \u0161t\u011bst\u00ed, a p\u0159\u00edsahal, \u017ee si Odu vezme. Den svatby je stanoven! Mlada d\u00edvka si s t\u00edm v\u0161ak ned\u011bl\u00e1 starosti. Po\u010d\u00edt\u00e1 st\u00e1le s pomoc\u00ed otce opata. Kdy\u017e se dozv\u00ed, \u017ee jej\u00ed tajemstv\u00ed bylo prozrazeno, c\u00edt\u00ed velkou bolest, ale jako dcera ryt\u00ed\u0159e p\u0159ij\u00edm\u00e1 v\u00fdzvu k boji. Den s\u0148atku se bl\u00ed\u017e\u00ed. Hrad je vyzdoben n\u00e1dhern\u00fdmi gobel\u00edny. V\u0161echna \u0161lechta snoubenku uji\u0161\u0165uje, \u017ee m\u00e1 velk\u00e9 \u0161t\u011bst\u00ed, \u017ee si ji \u0160imon chce vz\u00edt. Oda je tak smutn\u00e1 a ztr\u00e1pen\u00e1, \u017ee se rodi\u010de boj\u00ed, aby posledn\u00ed noc p\u0159ed svatbou neutekla. Jej\u00ed otec, ryt\u00ed\u0159, jemu\u017e cel\u00e9 d\u011btstv\u00ed bezv\u00fdhradn\u011b v\u011b\u0159ila, ji k jej\u00edmu zklam\u00e1n\u00ed nastra\u017e\u00ed podlou l\u00e9\u010dku. P\u0159edst\u00edr\u00e1, \u017ee ch\u00e1pe jej\u00ed odpor ke svatb\u011b: \u201eNebu\u010f smutn\u00e1, m\u00e9 d\u00edt\u011b, raduj se z kv\u011btu sv\u00e9ho ml\u00e1d\u00ed. S\u0148atek a\u0165 t\u011b nezarmucuje. Budi\u017e tedy! Rozhodl jsem se, \u017ee jej odlo\u017e\u00edm.\u201c Hrozn\u00e1 le\u017e! Dcera p\u0159ece nepodez\u0159\u00edv\u00e1 sv\u00e9ho otce, \u017ee zrad\u00ed jej\u00ed d\u016fv\u011bru. Odu tak jeho slova p\u0159irozen\u011b uklidni.<br \/>\nN\u00e1sleduj\u00edc\u00edho dne p\u0159ijede na hrad \u017eenich s rodi\u010di a mnoha dal\u0161\u00edmi bohat\u00fdmi a vzne\u0161en\u00fdmi \u0161lechtici pozvan\u00fdmi na svatbu. Rodi\u010de pos\u00edlaj\u00ed pro Odu, aby si obl\u00e9kla svatebn\u00ed \u0161aty. Poslechne bez podez\u0159en\u00ed. Nejbli\u017e\u0161\u00ed kostel je zna\u010dn\u011b daleko, tak\u017ee se ob\u0159ad m\u00e1 konat na hrad\u011b. Kn\u011bz se t\u0159ikr\u00e1t pt\u00e1 \u0160imona, zda se chce s Odou o\u017eenit. Ano, chci, odpov\u00edd\u00e1 mlad\u00edk, a slibuje, \u017ee bude co nejl\u00e9pe plnit sv\u00e9 povinnosti man\u017eela. Pak se kn\u011bz obrac\u00ed k d\u00edvce. Ta ne\u0159\u00edk\u00e1 nic, z\u010derven\u00e1, klop\u00ed hlavu. \u201eJak je py\u0161n\u00e1!\u201c, mysl\u00ed si n\u011bkte\u0159\u00ed. \u201eJe tak hloup\u00e1!\u201c, \u0159\u00edkaj\u00ed jin\u00ed. Jedna z dam k n\u00ed p\u0159istoup\u00ed a nab\u00e1d\u00e1 ji, aby odpov\u011bd\u011bla beze strachu. Kone\u010dn\u011b si Oda bere slovo: \u201eProto\u017ee tolik chcete v\u011bd\u011bt, jestli si chci vz\u00edt tohoto mlad\u00e9ho mu\u017ee, v\u011bzte, \u017ee si nechci vz\u00edt ani jeho ani kohokoli jin\u00e9ho. Od d\u011btstv\u00ed jsem zasnoubena \u017eenichu, jemu\u017e jsem zasl\u00edbila sv\u00e9 panenstv\u00ed. Nic \u2013 ani l\u00e1ska, ani lichotky, ani hrozby m\u00fdch rodi\u010d\u016f, ani r\u00e1ny \u2013 mne nemohou vytrhnout z jeho objeti.\u201c<br \/>\nV\u0161ichni jsou ohromeni. \u0160imon m\u00e1 pocit, \u017ee se mu vysm\u00edv\u00e1, zrudne a vyk\u0159ikne, \u017ee u\u017e si ji nechce vz\u00edt. Sko\u010d\u00ed na kon\u011b a odjede i se sv\u00fdmi p\u0159\u00edbuzn\u00fdmi. Rodi\u010de i ostatn\u00ed pozvan\u00ed se na Odu hn\u011bvaj\u00ed a zahrnuj\u00ed ji v\u00fd\u010ditkami. Wibert c\u00edt\u00ed, \u017ee za chv\u00edli se nedorozum\u011bni m\u016f\u017ee st\u00e1t nenapraviteln\u00fdm. S n\u011bkolika p\u0159\u00e1teli se vyd\u00e1 za \u0160imonem a sna\u017e\u00ed se jej p\u0159esv\u011bd\u010dit, aby se vr\u00e1til, \u017ee rodi\u010de Odu jist\u011b p\u0159im\u011bji, aby souhlasila s dohodnut\u00fdm s\u0148atkem. Jeho v\u00fdprava je v\u0161ak marn\u00e1.<br \/>\nOda u\u017e nyn\u00ed v\u0161echno ch\u00e1pe. B\u011b\u017e\u00ed do komnaty sv\u00e9 matky, zav\u0159e za sebou dve\u0159e, uchop\u00ed me\u010d pov\u011b\u0161eny v hlav\u00e1ch postele rodi\u010d\u016f a chce si jim useknout nos. T\u0159ese se ji v\u0161ak ruka a nepoda\u0159\u00ed se j\u00ed p\u0159eseknout chrupavku. To ji rozzlob\u00ed: \u201eJak je ten me\u010d \u0161patn\u011b nabrou\u0161en\u00fd! Nechce mi pomoci zni\u010dit kr\u00e1su m\u00e9 tv\u00e1\u0159e.\u201c Sna\u017e\u00ed se d\u00e1l, usekne si kus ch\u0159\u00edp\u00ed a vy\u0159ine se proud krve. Poran\u011bn\u00ed nen\u00ed v\u00e1\u017en\u00e9, ale krvav\u00e1 r\u00e1na ji znetvo\u0159ila. Kdy\u017e se Tescelin\u011b poda\u0159\u00ed otev\u0159\u00edt zam\u010den\u00e9 dve\u0159e, najde dceru v mdlob\u00e1ch. Vrhne se k n\u00ed na podlahu a pl\u00e1\u010de. Zat\u00edm se vr\u00e1t\u00ed i Wibert. Tak\u00e9 za\u010dne plakat. Oda se op\u011bt uklidn\u00ed. Je zohavena, a proto douf\u00e1, \u017ee u\u017e se nebude muset ob\u00e1vat s\u0148atku.<\/p>\n<p>Tyto ud\u00e1losti zp\u016fsobily velk\u00fd rozruch po cel\u00e9m kraji, tak\u017ee se o nich dozv\u011bd\u011bli i v Bonne-Esperance. Odo poslal na Allouet dva ze sv\u00fdch kanovn\u00edk\u016f, aby state\u010dn\u00e9 d\u00edvce p\u0159inesli \u00fat\u011bchu. Wibert a Tescelina je srde\u010dn\u011b p\u0159ijali. Oda se s nimi setkala a odhalila jim sv\u00e9 mnoho let trvaj\u00edc\u00ed p\u0159\u00e1n\u00ed vstoupit do kl\u00e1\u0161tera. V jejich p\u0159\u00edtomnosti znovu \u017e\u00e1d\u00e1 sv\u00e9ho otce o svolen\u00ed. Wibert je bolestn\u011b pohnut, ale st\u00e1le je\u0161t\u011b odol\u00e1v\u00e1. Oda prohl\u00e1s\u00ed, \u017ee pokud nedojde k napln\u011bn\u00ed jej\u00edch tu\u017eeb, zmrza\u010d\u00ed se je\u0161t\u011b vice, tak\u017ee se u\u017e \u017e\u00e1dn\u00fd \u0161lechtic ani nikdo jin\u00fd s ni nebude cht\u00edt o\u017eenit. Wibert je p\u0159emo\u017een a souhlas\u00ed.<\/p>\n<p>Dva \u0159eholnici se vracej\u00ed ke sv\u00e9mu opatovi. Odo, napln\u011bn radost\u00ed, se vyd\u00e1v\u00e1 spolu s n\u011bkolika bratry, aby pannu p\u0159ivedli do kl\u00e1\u0161tera. Oda se lou\u010d\u00ed se sv\u00fdmi rodi\u010di a p\u0159ij\u00edm\u00e1 od ctihodn\u00e9ho opata h\u00e1bit premonstr\u00e1tsk\u00fdch \u0159eholnic. Jej\u00ed hlubokou pokoru, v\u016fli se posv\u011bcovat, naprost\u00e9 z\u0159eknut\u00ed se sv\u011bta a poslu\u0161nost shrnuje \u017eivotopis jednou v\u011btou: Ad evangelicae institutionis lineam dirigere studuit gressus suos. (\u201eSna\u017eila se \u0159\u00eddit sv\u00e9 kroky k c\u00edli evangelijn\u00ed nauky.\u201c) Dala se v\u00e9st pouze evangelijn\u00edm ide\u00e1lem tohoto zalo\u017eeni. To je hlavni my\u0161lenka Norbertov\u00fdch n\u00e1sledovn\u00edk\u016f: Sanctas Scripturas sequi et Christum ducem habere. (\u201e\u0158\u00eddit se P\u00edsmem svat\u00fdm a m\u00edt Krista za sv\u00e9ho v\u016fdce.\u201c)<\/p>\n<p>Oda se postila a umrtvovala tak ob\u011btav\u011b, \u017ee to bylo a\u017e nerozv\u00e1\u017en\u00e9. Pobledla, jej\u00ed tv\u00e1\u0159 byla pr\u016fhledn\u00e1 jako krystal. A nav\u00edc se na jej\u00edch rukou objevily podivn\u00e9 skvrny. Onemocn\u011bla snad malomocenstv\u00edm? Sestry tomu uv\u011b\u0159ily a rozhodly, \u017ee mus\u00ed b\u00fdt izolov\u00e1na. Rychle j\u00ed postavily ch\u00fd\u0161i uprost\u0159ed zahrady a vybraly jednu starou \u0159eholnici, aby ji o\u0161et\u0159ovala. Ta to v\u0161ak odm\u00edtla. Nemohla sn\u00e9st pohled na Odiny r\u00e1ny a rad\u011bji si zvolila neuposlechnout p\u0159edstavenou. Byla za to pok\u00e1r\u00e1na, ale mezi mlad\u00fdmi sestrami se ihned na\u0161lo dost ob\u011btav\u00fdch, kter\u00e9 o tuto \u010dest po\u017e\u00e1daly. Oda z\u016fstala klidn\u00e1. Copak Je\u017e\u00ed\u0161 netrp\u011bl cel\u00fdm sv\u00fdm t\u011blem, nebyl pon\u00ed\u017een, nestal se podobn\u00fdm malomocn\u00e9mu, nebyl uk\u0159i\u017eov\u00e1n? A cel\u00e1 \u0161\u0165astn\u00e1, \u017ee se podob\u00e1 sv\u00e9mu \u017denichovi, si n\u011b\u017en\u011b pol\u00edbila ruku, na n\u00ed\u017e se nemoc poprv\u00e9 projevila. Ale nebylo to malomocenstv\u00ed a vyr\u00e1\u017eka postupn\u011b zmizela. Oda se vr\u00e1tila do kl\u00e1\u0161tera a znovu poslu\u0161n\u011b plnila v\u0161echny povinnosti se stejnou horlivosti jako v\u017edycky.<br \/>\nBrzy byla jmenov\u00e1na p\u0159evorkou a stala se dokonalou p\u0159edstavenou. Byla velmi laskav\u00e1, mate\u0159sk\u00e1 a bd\u011bl\u00e1. V\u0161echny sestry se j\u00ed ob\u00e1valy a v\u0161echny ji milovaly. Znala dob\u0159e povahu a temperament ka\u017ed\u00e9 z nich a sna\u017eila se vyu\u017e\u00edt jejich p\u0159irozen\u00e9 vlastnosti, aby je p\u0159etv\u00e1\u0159ela k obrazu Krista. V\u016f\u010di chud\u00fdm byla velmi \u0161t\u011bdr\u00e1 a ob\u011btav\u00e1. N\u011bkolikr\u00e1t poslala chud\u00fdm v\u011bci tajn\u011b vzat\u00e9 ze spole\u010dn\u00e9ho majetku. \u0158\u00edkala tomu \u201ezbo\u017en\u00e1 kr\u00e1de\u017e, kter\u00e1 t\u011b\u0161\u00ed Krista\u201c.<br \/>\nJej\u00ed pov\u011bst se roz\u0161\u00ed\u0159ila i za zdi kl\u00e1\u0161tera. Svati maj\u00ed \u010dasto p\u0159ita\u017elivost, kter\u00e1 se \u0161\u00ed\u0159\u00ed a povzn\u00e1\u0161\u00ed ostatn\u00ed. Takov\u00e1 du\u0161e v\u0161ak nen\u00ed ur\u010dena pro pozemsk\u00fd \u017eivot. Oda brzy onemocn\u011bla plicn\u00ed chorobou, kter\u00e1 trvala cel\u00fdch \u0161est m\u011bs\u00edc\u016f: m\u011bla hore\u010dky, \u00fazkosti, dr\u00e1sav\u00e9 z\u00e1chvaty ka\u0161le. Nemohla sp\u00e1t, modlila se dnem i noc\u00ed, ale st\u00e1le vedla sv\u00e9 sestry. Nakonec jej\u00ed \u017ealudek p\u0159estal p\u0159ij\u00edmat potravu. Kdy\u017e j\u00ed dali posledn\u00ed pomaz\u00e1n\u00ed, sestry ji \u017e\u00e1daly: \u201eVzpome\u0148te na n\u00e1s v nebi.\u201c \u201eJak m\u016f\u017eete,\u201c odpov\u011bd\u011bla jim, \u201eprosit takovou h\u0159\u00ed\u0161nici o to, o\u010d m\u016f\u017eete \u017e\u00e1dat jen apo\u0161toly a svat\u00e9? Modlete se za odpu\u0161t\u011bn\u00ed m\u00fdch h\u0159\u00edch\u016f a odporou\u010dejte mne Bo\u017e\u00edmu milosrdenstv\u00ed.\u201c<\/p>\n<p>Na Bo\u017ei hod velikono\u010dn\u00ed 18. dubna 1158 po ne\u0161por\u00e1ch, v p\u0159\u00edtomnosti Filipa z Harvengtu, brat\u0159\u00ed a sester, odevzdala du\u0161i Bohu. Slzy v\u0161em tekly z o\u010d\u00ed, kdy\u017e se podle \u0159\u00e1dov\u00e9 liturgie modlili alelujov\u00e9 \u017ealmy a znovu od\u0159\u00edk\u00e1vali In exitu kter\u00e9 se zrovna dozp\u00edvalo p\u0159i velikono\u010dn\u00edch ne\u0161por\u00e1ch.<br \/>\nDal\u0161\u00edho dne odnesli t\u011blo do kostela opatstv\u00ed. \u0158eho\u0159, cisterci\u00e1ck\u00fd opat z Elne, slavil z\u00e1du\u0161ni m\u0161i v p\u0159\u00edtomnosti ctihodn\u00e9ho Odona, prvn\u00edho opata Bonne-Esperance (kter\u00fd se p\u0159ed n\u011bjakou dobou sv\u00e9ho opatsk\u00e9ho \u00fa\u0159adu vzdal) a Filipa z Harvengtu, jeho n\u00e1stupce, u\u010den\u00e9ho prel\u00e1ta s velk\u00fdm z\u00e1jmem o \u0159eckou etymologii, kter\u00fd b\u011bhem ob\u0159adu \u0159ekl: \u201eNosila sv\u00e9 jm\u00e9no pr\u00e1vem. Byla p\u0159ekr\u00e1snou \u00f3dou ke chv\u00e1le Bo\u017ei.\u201c<\/p>\n<p>Francois Petit, Premonstr\u00e1tsk\u00e1 spiritualita XII. a XIII. stolet\u00ed, 1.vyd\u00e1n\u00ed &#8211; Doksany: Kl\u00e1\u0161ter sester premonstr\u00e1tek v Doksanech, 2018<\/p>\n<\/p><\/div>\n<\/p><\/div>\n<\/p><\/div>\n<\/p><\/div>\n<\/section>\n","protected":false},"excerpt":{"rendered":"<p>Oda z Bonne-Esp\u00e9rance P\u0159i zkoum\u00e1n\u00ed \u017eivota blahoslaven\u00e9 Ody se poprv\u00e9 setk\u00e1v\u00e1me s Filipem z Harvengtu, opatem Bonne-Esperance v kraji Hainaut. Filip sestavil \u017eivotopis t\u00e9to mlad\u00e9 svat\u00e9 na \u017e\u00e1dost sester z jej\u00edho kl\u00e1\u0161tera. Napsal jej sv\u00fdm pe\u010dliv\u00fdm a propracovan\u00fdm stylem a vlo\u017eil do n\u011bj cele sv\u00e9 srdce. Jist\u011b n\u00e1s ohrom\u00ed mravn\u00ed \u00farove\u0148 a state\u010dnost mnoha dcer &hellip;<\/p>\n","protected":false},"author":1,"featured_media":0,"parent":0,"menu_order":0,"comment_status":"closed","ping_status":"closed","template":"template-builder.php","meta":{"footnotes":""},"class_list":["post-889","page","type-page","status-publish","hentry"],"_links":{"self":[{"href":"https:\/\/www.klasterdoksany.net\/index.php?rest_route=\/wp\/v2\/pages\/889","targetHints":{"allow":["GET"]}}],"collection":[{"href":"https:\/\/www.klasterdoksany.net\/index.php?rest_route=\/wp\/v2\/pages"}],"about":[{"href":"https:\/\/www.klasterdoksany.net\/index.php?rest_route=\/wp\/v2\/types\/page"}],"author":[{"embeddable":true,"href":"https:\/\/www.klasterdoksany.net\/index.php?rest_route=\/wp\/v2\/users\/1"}],"replies":[{"embeddable":true,"href":"https:\/\/www.klasterdoksany.net\/index.php?rest_route=%2Fwp%2Fv2%2Fcomments&post=889"}],"version-history":[{"count":1,"href":"https:\/\/www.klasterdoksany.net\/index.php?rest_route=\/wp\/v2\/pages\/889\/revisions"}],"predecessor-version":[{"id":890,"href":"https:\/\/www.klasterdoksany.net\/index.php?rest_route=\/wp\/v2\/pages\/889\/revisions\/890"}],"wp:attachment":[{"href":"https:\/\/www.klasterdoksany.net\/index.php?rest_route=%2Fwp%2Fv2%2Fmedia&parent=889"}],"curies":[{"name":"wp","href":"https:\/\/api.w.org\/{rel}","templated":true}]}}