{"id":874,"date":"2025-08-29T13:13:19","date_gmt":"2025-08-29T11:13:19","guid":{"rendered":"http:\/\/www.klasterdoksany.net\/?page_id=874"},"modified":"2025-08-29T13:13:19","modified_gmt":"2025-08-29T11:13:19","slug":"ludolf","status":"publish","type":"page","link":"https:\/\/www.klasterdoksany.net\/?page_id=874","title":{"rendered":"Ludolf"},"content":{"rendered":"<section id=\"builder-section-text_11\" class=\"builder-section-first builder-section builder-section-text builder-section-last builder-text-columns-1\" style=\"background-size: cover; background-repeat: no-repeat;background-position: center center;\">\n<div class=\"builder-section-content\">\n<div class=\"builder-text-row\">\n<div class=\"builder-text-column builder-text-column-1\" id=\"builder-section-text_11-column-1\">\n<div class=\"builder-text-content\">\n<h2>Svat\u00fd Ludolf<\/h2>\n<p>Ludof byl premonstr\u00e1tsk\u00fdm kanovn\u00edkem katedr\u00e1ly v Ratzeburgu a na \u010das mu tak\u00e9 byly sv\u011b\u0159eny hospod\u00e1\u0159sk\u00e9 z\u00e1le\u017eitosti kapituly. Roku 1236 byl zvolen biskupem Ratzeburgu. Vedl se sv\u00fdmi bratry p\u0159\u00edmo ve st\u00ednu katedr\u00e1ly tak p\u0159\u00edsn\u00fd \u0159eholn\u00ed \u017eivot, \u017ee jeho komunitu naz\u00fdvali \u201ecarcer ordinis\u201c (\u017eal\u00e1\u0159 \u0159\u00e1du).<\/p>\n<p>Jako dobr\u00fd past\u00fd\u0159 v\u011bnoval Ludolf v\u0161echnu svou energii slu\u017eb\u011b c\u00edrkvi. Ne\u00fanavn\u011b k\u00e1zal a konal biskupsk\u00e9 vizitace. Pape\u017e jej pov\u011b\u0159il n\u011bkolika diplomatick\u00fdmi posl\u00e1n\u00edmi. Nejt\u011b\u017e\u0161\u00ed zkou\u0161kou pro n\u011bho bylo, kdy\u017e musel \u010delit panovnick\u00e9 moci; jako biskup byl povinen bojovat za pr\u00e1va a svobody c\u00edrkve. Kn\u00ed\u017ee Albert ze Sachsen-Lauenburgu, zvan\u00fd \u201eSask\u00fd medv\u011bd\u201c, uchv\u00e1til majetek pat\u0159\u00edc\u00ed katedr\u00e1le a Ludolf proti tomu protestoval. Ur\u00e1\u017eky a hrozby biskupa nezastra\u0161ily, a tak jej Albert dal uvrhnout do v\u011bzen\u00ed, kde byl n\u011bkolikr\u00e1t podroben mu\u010den\u00ed. Kn\u00ed\u017ee dob\u0159e v\u011bd\u011bl, \u017ee jedn\u00e1 nespravedliv\u011b. Nakonec se rozhodl Ludolfa propustit. Dal nap\u016fl mrtv\u00e9ho biskupa odv\u00e9zt ke kn\u00ed\u017eeti Janu z Mecklenburgu, kde se jej ujali franti\u0161k\u00e1ni z V\u00fdmaru. Tam o n\u011bkolik dn\u00ed pozd\u011bji, 29. b\u0159ezna 1250, Ludolf zem\u0159el.<\/p>\n<p>Mnoho z t\u011bch, kdo nav\u0161t\u00edvili jeho hrob v katedr\u00e1le v Ratzeburgu, se do\u010dkalo na jeho p\u0159\u00edmluvu z\u00e1zra\u010dn\u00e9ho spln\u011bn\u00ed sv\u00fdch proseb.<br \/>\nLudolf je uct\u00edv\u00e1n jako \u201emu\u010dedn\u00edk za pr\u00e1va a svobodu c\u00edrkve\u201c. Stalet\u00ed trvaj\u00edc\u00ed \u00facta svat\u00e9ho Ludolfa byla \u0159\u00e1dn\u011b dolo\u017eena premonstr\u00e1ty z Lotrinska a Hohenburgu a na \u017e\u00e1dost prokur\u00e1tora \u0159\u00e1du Norberta Mattense ji pape\u017e Benedikt XIII. 12. dubna 1728 roz\u0161\u00ed\u0159il na cel\u00fd \u0159\u00e1d.<br \/>\nHlava svat\u00e9ho Ludolfa byla od 17. stolet\u00ed v dr\u017een\u00ed premonstr\u00e1tek z Meer. Po sekularizaci se ostatky dostaly roku 1826 k posledn\u00edmu opatovi Hambornu, Karlu Albertu von Beyer, kter\u00fd je roku 1840 p\u0159edal opatstv\u00ed Averbode. 30. srpna 1970 se vr\u00e1tily do Hambornu.<br \/>\n2. b\u0159ezna 1984 dostal biskup Wittler z Osnabr\u00fccku od posv\u00e1tn\u00e9 \u0159\u00edmsk\u00e9 kongregace dovolen\u00ed uct\u00edvat ve sv\u00e9 diec\u00e9zi svat\u00e9ho Ludolfa, Evermoda a Isfr\u00edda.<\/p>\n<p>Ludolf je zobrazov\u00e1n jako biskup, jak uzdravuje mlad\u00edka se \u0161\u00edpem v hlav\u011b, s mu\u010dic\u00edmi n\u00e1stroji (sk\u0159ipcem, d\u016ftkami, sekerou, kop\u00edm, me\u010dem, h\u00e1kem na kladkostroji) a palmou v\u00edt\u011bzstv\u00ed, jak se mu zjevuje Evermod a Isfr\u00edd.<\/p>\n<\/p><\/div>\n<\/p><\/div>\n<\/p><\/div>\n<\/p><\/div>\n<\/section>\n","protected":false},"excerpt":{"rendered":"<p>Svat\u00fd Ludolf Ludof byl premonstr\u00e1tsk\u00fdm kanovn\u00edkem katedr\u00e1ly v Ratzeburgu a na \u010das mu tak\u00e9 byly sv\u011b\u0159eny hospod\u00e1\u0159sk\u00e9 z\u00e1le\u017eitosti kapituly. Roku 1236 byl zvolen biskupem Ratzeburgu. Vedl se sv\u00fdmi bratry p\u0159\u00edmo ve st\u00ednu katedr\u00e1ly tak p\u0159\u00edsn\u00fd \u0159eholn\u00ed \u017eivot, \u017ee jeho komunitu naz\u00fdvali \u201ecarcer ordinis\u201c (\u017eal\u00e1\u0159 \u0159\u00e1du). Jako dobr\u00fd past\u00fd\u0159 v\u011bnoval Ludolf v\u0161echnu svou energii slu\u017eb\u011b c\u00edrkvi. &hellip;<\/p>\n","protected":false},"author":1,"featured_media":0,"parent":0,"menu_order":0,"comment_status":"closed","ping_status":"closed","template":"template-builder.php","meta":{"footnotes":""},"class_list":["post-874","page","type-page","status-publish","hentry"],"_links":{"self":[{"href":"https:\/\/www.klasterdoksany.net\/index.php?rest_route=\/wp\/v2\/pages\/874","targetHints":{"allow":["GET"]}}],"collection":[{"href":"https:\/\/www.klasterdoksany.net\/index.php?rest_route=\/wp\/v2\/pages"}],"about":[{"href":"https:\/\/www.klasterdoksany.net\/index.php?rest_route=\/wp\/v2\/types\/page"}],"author":[{"embeddable":true,"href":"https:\/\/www.klasterdoksany.net\/index.php?rest_route=\/wp\/v2\/users\/1"}],"replies":[{"embeddable":true,"href":"https:\/\/www.klasterdoksany.net\/index.php?rest_route=%2Fwp%2Fv2%2Fcomments&post=874"}],"version-history":[{"count":1,"href":"https:\/\/www.klasterdoksany.net\/index.php?rest_route=\/wp\/v2\/pages\/874\/revisions"}],"predecessor-version":[{"id":875,"href":"https:\/\/www.klasterdoksany.net\/index.php?rest_route=\/wp\/v2\/pages\/874\/revisions\/875"}],"wp:attachment":[{"href":"https:\/\/www.klasterdoksany.net\/index.php?rest_route=%2Fwp%2Fv2%2Fmedia&parent=874"}],"curies":[{"name":"wp","href":"https:\/\/api.w.org\/{rel}","templated":true}]}}