{"id":866,"date":"2025-08-29T13:04:32","date_gmt":"2025-08-29T11:04:32","guid":{"rendered":"http:\/\/www.klasterdoksany.net\/?page_id=866"},"modified":"2025-08-29T13:04:32","modified_gmt":"2025-08-29T11:04:32","slug":"hugo","status":"publish","type":"page","link":"https:\/\/www.klasterdoksany.net\/?page_id=866","title":{"rendered":"Hugo"},"content":{"rendered":"<section id=\"builder-section-text_11\" class=\"builder-section-first builder-section builder-section-text builder-section-last builder-text-columns-1\" style=\"background-size: cover; background-repeat: no-repeat;background-position: center center;\">\n<div class=\"builder-section-content\">\n<div class=\"builder-text-row\">\n<div class=\"builder-text-column builder-text-column-1\" id=\"builder-section-text_11-column-1\">\n<div class=\"builder-text-content\">\n<h2>Blahoslaven\u00fd Hugo de Fosses<\/h2>\n<p>Hugo se narodil koncem jeden\u00e1ct\u00e9ho stolet\u00ed (nejpravd\u011bpodobn\u011bji roku 1093) ve Fosses-la-Ville. Stal se kanovn\u00edkem kolegi\u00e1tn\u00ed kapituly ve sv\u00e9m rodn\u00e9m m\u011bst\u011b a pozd\u011bji dvorn\u00edm kaplanem biskupa z Cambrai Burcharda.<br \/>\nHugo se setkal s Norbertem poprv\u00e9 ve Valenciennes 26. b\u0159ezna 1119 a po\u017e\u00e1dal jej, aby jej sm\u011bl doprov\u00e1zet v jeho apo\u0161tolsk\u00e9m zp\u016fsobu \u017eivota. Po zalo\u017een\u00ed Pr\u00e9montr\u00e9 roku 1120 se stal prvn\u00edm p\u0159evorem nov\u00e9 komunity a t\u00edm tak\u00e9 Norbertovou \u201epravou rukou\u201c. Kdy\u017e byl Norbert jmenov\u00e1n arcibiskupem v Magdeburku, zvolili brat\u0159i roku 1128, na Norbert\u016fv n\u00e1vrh, Hugona prvn\u00edm opatem Pr\u00e9montr\u00e9.<br \/>\nHugo vybudoval kl\u00e1\u0161tern\u00ed kostel a budovy opatstv\u00ed. Ve snaze udr\u017eet jednotu mezi po\u010detn\u00fdmi premonstr\u00e1tsk\u00fdmi kl\u00e1\u0161tery, sezval p\u0159edstaven\u00e9 v\u0161ech dom\u016f na setk\u00e1n\u00ed, z n\u011bho\u017e se vyvinuly gener\u00e1ln\u00ed kapituly \u0159\u00e1du. Tak\u00e9 sestavil prvn\u00ed ob\u0159adn\u00ed knihu s liturgick\u00fdmi p\u0159edpisy premonstr\u00e1tsk\u00e9ho \u0159\u00e1du a napsal nejstar\u0161\u00ed z\u00e1znamy o \u017eivot\u011b svat\u00e9ho Norberta. D\u00edky Hugonovi byla vytvo\u0159ena organiza\u010dn\u00ed struktura \u0159\u00e1du, co\u017e mu umo\u017enilo p\u0159etrvat stalet\u00ed. Hugo je ct\u011bn jako prvn\u00ed gener\u00e1ln\u00ed opat \u0159\u00e1du. Hr\u00e1l z\u00e1sadn\u00ed roli ve vnit\u0159n\u00edm pos\u00edlen\u00ed a rychl\u00e9m rozkv\u011btu \u0159\u00e1du, pod jeho veden\u00edm vzrostl po\u010det kl\u00e1\u0161ter\u016f na sto dvacet.<br \/>\nJako p\u0159edstaven\u00fd byl Hugo m\u00edrn\u00fd a pokorn\u00fd, ale tak\u00e9 velmi d\u016fsledn\u00fd. P\u011btat\u0159icet let byl otcem sv\u00e9 komunity a z\u00e1rukou jednoty \u0159\u00e1du. Zem\u0159el 10. \u00fanora 1164 a byl poh\u0159ben v kostele opatstv\u00ed u olt\u00e1\u0159e svat\u00e9ho Ond\u0159eje. Za opata Biervlieta byly roku 1279  jeho ostatky p\u0159eneseny p\u0159ed hlavn\u00ed olt\u00e1\u0159.<\/p>\n<p>Po zru\u0161en\u00ed Pr\u00e9montr\u00e9 za Francouzsk\u00e9 revoluce byly jeho ostatky p\u0159eneseny do Bassoles, pak b\u011bhem prvn\u00ed sv\u011btov\u00e9 v\u00e1lky do katedr\u00e1ly v Laonu a odtud do kostela v Brancourtu. Nakonec, roku 1922, byly slavnostn\u011b dopraveny do Bois-Seigneur-Isaac, nyn\u00ed jsou ulo\u017eeny v \u0158\u00edm\u011b. Pape\u017e Pius XI. potvrdil uct\u00edv\u00e1n\u00ed blahoslaven\u00e9ho Hugona 13. \u010dervence 1927.<\/p>\n<p>Hugo je zobrazov\u00e1n jako \u0159eholn\u00edk s kapuc\u00ed, jako opat s kalichem a almuc\u00ed, s modelem kostela, knihou Satut \u010di liturgick\u00fdch p\u0159edpis\u016f, p\u0159i setk\u00e1n\u00ed s Burchardeme a Norbertem, nebo jak ho Norbert p\u0159edstavuje Zmrtv\u00fdchstal\u00e9mu Kristu.<\/p>\n<\/p><\/div>\n<\/p><\/div>\n<\/p><\/div>\n<\/p><\/div>\n<\/section>\n","protected":false},"excerpt":{"rendered":"<p>Blahoslaven\u00fd Hugo de Fosses Hugo se narodil koncem jeden\u00e1ct\u00e9ho stolet\u00ed (nejpravd\u011bpodobn\u011bji roku 1093) ve Fosses-la-Ville. Stal se kanovn\u00edkem kolegi\u00e1tn\u00ed kapituly ve sv\u00e9m rodn\u00e9m m\u011bst\u011b a pozd\u011bji dvorn\u00edm kaplanem biskupa z Cambrai Burcharda. Hugo se setkal s Norbertem poprv\u00e9 ve Valenciennes 26. b\u0159ezna 1119 a po\u017e\u00e1dal jej, aby jej sm\u011bl doprov\u00e1zet v jeho apo\u0161tolsk\u00e9m zp\u016fsobu \u017eivota. &hellip;<\/p>\n","protected":false},"author":1,"featured_media":0,"parent":0,"menu_order":0,"comment_status":"closed","ping_status":"closed","template":"template-builder.php","meta":{"footnotes":""},"class_list":["post-866","page","type-page","status-publish","hentry"],"_links":{"self":[{"href":"https:\/\/www.klasterdoksany.net\/index.php?rest_route=\/wp\/v2\/pages\/866","targetHints":{"allow":["GET"]}}],"collection":[{"href":"https:\/\/www.klasterdoksany.net\/index.php?rest_route=\/wp\/v2\/pages"}],"about":[{"href":"https:\/\/www.klasterdoksany.net\/index.php?rest_route=\/wp\/v2\/types\/page"}],"author":[{"embeddable":true,"href":"https:\/\/www.klasterdoksany.net\/index.php?rest_route=\/wp\/v2\/users\/1"}],"replies":[{"embeddable":true,"href":"https:\/\/www.klasterdoksany.net\/index.php?rest_route=%2Fwp%2Fv2%2Fcomments&post=866"}],"version-history":[{"count":1,"href":"https:\/\/www.klasterdoksany.net\/index.php?rest_route=\/wp\/v2\/pages\/866\/revisions"}],"predecessor-version":[{"id":867,"href":"https:\/\/www.klasterdoksany.net\/index.php?rest_route=\/wp\/v2\/pages\/866\/revisions\/867"}],"wp:attachment":[{"href":"https:\/\/www.klasterdoksany.net\/index.php?rest_route=%2Fwp%2Fv2%2Fmedia&parent=866"}],"curies":[{"name":"wp","href":"https:\/\/api.w.org\/{rel}","templated":true}]}}