{"id":857,"date":"2025-08-29T12:54:14","date_gmt":"2025-08-29T10:54:14","guid":{"rendered":"http:\/\/www.klasterdoksany.net\/?page_id=857"},"modified":"2025-08-29T12:54:14","modified_gmt":"2025-08-29T10:54:14","slug":"gilbert","status":"publish","type":"page","link":"https:\/\/www.klasterdoksany.net\/?page_id=857","title":{"rendered":"Gilbert"},"content":{"rendered":"<section id=\"builder-section-text_11\" class=\"builder-section-first builder-section builder-section-text builder-section-last builder-text-columns-1\" style=\"background-size: cover; background-repeat: no-repeat;background-position: center center;\">\n<div class=\"builder-section-content\">\n<div class=\"builder-text-row\">\n<div class=\"builder-text-column builder-text-column-1\" id=\"builder-section-text_11-column-1\">\n<div class=\"builder-text-content\">\n<h2>Svat\u00fd Gilbert<\/h2>\n<p>Ryt\u00ed\u0159 Gilbert pat\u0159il k vysok\u00e9 \u0161lecht\u011b z kraje Auvergne. Na p\u0159\u00edkaz premonstr\u00e1tsk\u00e9ho opata Ornifierse z Dilonu se z\u00fa\u010dastnil druh\u00e9 k\u0159\u00ed\u017eov\u00e9 v\u00fdpravy, kterou hl\u00e1sal svat\u00fd Bernard ve Vezelay a kterou vedl francouzsk\u00fd kr\u00e1l Ludv\u00edk VII. V\u00fdprava skon\u010dila vojenskou katastrofou.<br \/>\nProto\u017ee tento nebezpe\u010dn\u00fd podnik p\u0159e\u017eil, rozhodl se Gilbert, spolu se svou man\u017eelkou Petronillou a dcerou Ponci\u00ed, zasv\u011btit se zcela Bohu a vstoupit do kl\u00e1\u0161tera. Rozdal \u010d\u00e1st sv\u00e9ho zna\u010dn\u00e9ho majetku chud\u00fdm a zalo\u017eil kl\u00e1\u0161ter sester, kam vstoupila jeho \u017eena a dcera. Gilbert se nejd\u0159\u00edve stal premonstr\u00e1tem v opatstv\u00ed Dilo, ale pak zalo\u017eil opatstv\u00ed Neuffontaines a stal se jeho prvn\u00edm opatem. Podle p\u0159\u00edkladu svat\u00e9ho Norberta tak\u00e9 postavil \u0161pit\u00e1l, kter\u00fd brzy proslul mnoha z\u00e1zraky, kter\u00e9 se tam ud\u00e1ly. Kaj\u00edcnost\u00ed a milosrdenstv\u00edm p\u0159itahoval Gilbert velk\u00fd po\u010det nemocn\u00fdch a h\u0159\u00ed\u0161n\u00fdch, kter\u00e9 cht\u011bl l\u00e9\u010dit jak duchovn\u011b, tak t\u011blesn\u011b. Odev\u0161ad mu p\u0159iv\u00e1\u017eeli v\u00e1\u017en\u011b nemocn\u00e9 d\u011bti. Pokl\u00e1dal na n\u011b ruce a odevzd\u00e1val je vyl\u00e9\u010den\u00e9 zp\u011bt jejich rodi\u010d\u016fm. Vy\u010derp\u00e1n p\u0159\u00edsn\u00fdmi kaj\u00edc\u00edmi skutky a t\u011b\u017ekou prac\u00ed zem\u0159el Gilbert 5. \u010dervna 1152. P\u0159\u00e1l si b\u00fdt poh\u0159ben na h\u0159bitov\u011b chud\u00fdch. Kv\u016fli mnoha z\u00e1zrak\u016fm, kter\u00e9 B\u016fh na jeho p\u0159\u00edmluvu zp\u016fsobil, byly jeho t\u011blesn\u00e9 poz\u016fstatky p\u0159eneseny do kostela opatstv\u00ed Neuffontaines a roku 1791 do St. Didier. Rodi\u010de brali d\u011bti, jim\u017e cht\u011bli vr\u00e1tit zdrav\u00ed, do Neuffontaines, kde byly obl\u00e9k\u00e1ny do b\u00edl\u00e9ho h\u00e1bitu a rodi\u010de slibovali, \u017ee jej budou n\u011bjak\u00fd \u010das nosit.<br \/>\n26. \u0159\u00edjen, sv\u00e1tek svat\u00e9ho Gilberta, je dnem jeho p\u0159enesen\u00ed. Pape\u017e Benedikt XIII. potvrdil uct\u00edv\u00e1n\u00ed svat\u00e9ho Gilberta 22. ledna 1728. Jeho ostatky se ztratily b\u011bhem Francouzsk\u00e9 revoluce.<\/p>\n<\/p><\/div>\n<\/p><\/div>\n<\/p><\/div>\n<\/p><\/div>\n<\/section>\n","protected":false},"excerpt":{"rendered":"<p>Svat\u00fd Gilbert Ryt\u00ed\u0159 Gilbert pat\u0159il k vysok\u00e9 \u0161lecht\u011b z kraje Auvergne. Na p\u0159\u00edkaz premonstr\u00e1tsk\u00e9ho opata Ornifierse z Dilonu se z\u00fa\u010dastnil druh\u00e9 k\u0159\u00ed\u017eov\u00e9 v\u00fdpravy, kterou hl\u00e1sal svat\u00fd Bernard ve Vezelay a kterou vedl francouzsk\u00fd kr\u00e1l Ludv\u00edk VII. V\u00fdprava skon\u010dila vojenskou katastrofou. Proto\u017ee tento nebezpe\u010dn\u00fd podnik p\u0159e\u017eil, rozhodl se Gilbert, spolu se svou man\u017eelkou Petronillou a dcerou &hellip;<\/p>\n","protected":false},"author":1,"featured_media":0,"parent":0,"menu_order":0,"comment_status":"closed","ping_status":"closed","template":"template-builder.php","meta":{"footnotes":""},"class_list":["post-857","page","type-page","status-publish","hentry"],"_links":{"self":[{"href":"https:\/\/www.klasterdoksany.net\/index.php?rest_route=\/wp\/v2\/pages\/857","targetHints":{"allow":["GET"]}}],"collection":[{"href":"https:\/\/www.klasterdoksany.net\/index.php?rest_route=\/wp\/v2\/pages"}],"about":[{"href":"https:\/\/www.klasterdoksany.net\/index.php?rest_route=\/wp\/v2\/types\/page"}],"author":[{"embeddable":true,"href":"https:\/\/www.klasterdoksany.net\/index.php?rest_route=\/wp\/v2\/users\/1"}],"replies":[{"embeddable":true,"href":"https:\/\/www.klasterdoksany.net\/index.php?rest_route=%2Fwp%2Fv2%2Fcomments&post=857"}],"version-history":[{"count":1,"href":"https:\/\/www.klasterdoksany.net\/index.php?rest_route=\/wp\/v2\/pages\/857\/revisions"}],"predecessor-version":[{"id":858,"href":"https:\/\/www.klasterdoksany.net\/index.php?rest_route=\/wp\/v2\/pages\/857\/revisions\/858"}],"wp:attachment":[{"href":"https:\/\/www.klasterdoksany.net\/index.php?rest_route=%2Fwp%2Fv2%2Fmedia&parent=857"}],"curies":[{"name":"wp","href":"https:\/\/api.w.org\/{rel}","templated":true}]}}