{"id":852,"date":"2025-08-29T12:49:36","date_gmt":"2025-08-29T10:49:36","guid":{"rendered":"http:\/\/www.klasterdoksany.net\/?page_id=852"},"modified":"2025-08-29T12:52:55","modified_gmt":"2025-08-29T10:52:55","slug":"gertruda","status":"publish","type":"page","link":"https:\/\/www.klasterdoksany.net\/?page_id=852","title":{"rendered":"Gertruda"},"content":{"rendered":"<section id=\"builder-section-text_11\" class=\"builder-section-first builder-section builder-section-text builder-section-last builder-text-columns-1\" style=\"background-size: cover; background-repeat: no-repeat;background-position: center center;\">\n<div class=\"builder-section-content\">\n<div class=\"builder-text-row\">\n<div class=\"builder-text-column builder-text-column-1\" id=\"builder-section-text_11-column-1\">\n<div class=\"builder-text-content\">\n<h2>Blahoslaven\u00e1 Gertruda z Altenbergu<\/h2>\n<p>Gertruda se narodila 29. z\u00e1\u0159\u00ed 1227 jako dcera lantkrab\u011bte Ludv\u00edka Durynsk\u00e9ho a svat\u00e9 Al\u017eb\u011bty Uhersk\u00e9. U\u017e v ran\u00e9m d\u011btstv\u00ed byla d\u00e1na na vychov\u00e1n\u00ed do kl\u00e1\u0161tera premonstr\u00e1tek v Altenbergu bl\u00edzko Wetzlaru, podle slibu matky p\u0159ed jej\u00edm narozen\u00edm. Ve v\u011bku 21 let se roku 1248 stala t\u0159et\u00ed p\u0159edstavenou tohoto kl\u00e1\u0161tera. Ze sv\u00e9ho d\u011bdictv\u00ed postavila kl\u00e1\u0161tern\u00ed kostel, \u0161pit\u00e1l a d\u016fm pro chud\u00e9 poutn\u00edky. V tom se \u0159\u00eddila p\u0159\u00edkladem sv\u00e9 matky svat\u00e9 Al\u017eb\u011bty Uhersk\u00e9, kter\u00e1 svou l\u00e1sku ke Kristu projevovala p\u00e9\u010d\u00ed o chud\u00e9 a nemocn\u00e9. P\u0159i om\u00fdv\u00e1n\u00ed jednoho nemocn\u00e9ho Gertruda \u0159ekla: \u201eJak kr\u00e1sn\u00e9 je moci takto pe\u010dovat o sv\u00e9ho Spasitele!\u201c<br \/>\nKdy\u017e pape\u017e Urban IV. vyhl\u00e1sil novou k\u0159\u00ed\u017eovou v\u00fdpravu, sna\u017eila se Gertruda horliv\u011b napom\u00e1hat k uskute\u010dn\u011bn\u00ed tohoto podniku. Se spolusestrami a dal\u0161\u00edmi \u0161lechti\u010dnami shrom\u00e1\u017edila mnoho pen\u011bz na vybaven\u00ed k\u0159i\u017e\u00e1k\u016f.<br \/>\nSlavnost T\u011bla a Krve P\u00e1n\u011b, zaveden\u00e1 pape\u017eem Urbanem IV., se v Altenbergu slavila ji\u017e roku 1270. Ka\u017ed\u00fd den pe\u010dovala Gertruda o pot\u0159eby t\u011bch nejubo\u017eej\u0161\u00edch, jak ve \u0161pit\u00e1lu, tak v kl\u00e1\u0161te\u0159e. M\u011bla dar usmi\u0159ovat rozvad\u011bn\u00e9. Vypro\u0161ovala pro n\u011b Bo\u017e\u00ed milosrdenstv\u00ed sv\u00fdmi kaj\u00edc\u00edmi skutky a umrtvov\u00e1n\u00edm. Zem\u0159ela 13. srpna 1297 ve v\u011bku 70 let, po 49 letech v \u00fa\u0159adu p\u0159evorky. Byla poh\u0159bena v kl\u00e1\u0161tern\u00edm kostele v Altenbergu.<br \/>\nPape\u017e Klement V. ud\u011blil roku 1311 pr\u00e1vo odpustk\u016f na jej\u00ed \u00famrtn\u00ed den a dovolil jej\u00ed uct\u00edv\u00e1n\u00ed, i kdy\u017e o pravosti t\u00e9to buly jsou ur\u010dit\u00e9 pochybnosti. Jej\u00ed \u00facta byla potvrzena pape\u017eem Benediktem XII. 22. ledna 1728. Luter\u00e1nsk\u00e9 di\u00e1konky v Altenbergu je\u0161t\u011b dnes prokazuj\u00ed blahoslaven\u00e9 Gertrud\u011b velkou \u00factu.<\/p>\n<p><a href=\"http:\/\/www.klasterdoksany.net\/?page_id=854\">Ob\u0161\u00edrn\u011bj\u0161\u00ed \u017eivotopis bl. Gertrudy.<\/a><\/p>\n<\/p><\/div>\n<\/p><\/div>\n<\/p><\/div>\n<\/p><\/div>\n<\/section>\n","protected":false},"excerpt":{"rendered":"<p>Blahoslaven\u00e1 Gertruda z Altenbergu Gertruda se narodila 29. z\u00e1\u0159\u00ed 1227 jako dcera lantkrab\u011bte Ludv\u00edka Durynsk\u00e9ho a svat\u00e9 Al\u017eb\u011bty Uhersk\u00e9. U\u017e v ran\u00e9m d\u011btstv\u00ed byla d\u00e1na na vychov\u00e1n\u00ed do kl\u00e1\u0161tera premonstr\u00e1tek v Altenbergu bl\u00edzko Wetzlaru, podle slibu matky p\u0159ed jej\u00edm narozen\u00edm. Ve v\u011bku 21 let se roku 1248 stala t\u0159et\u00ed p\u0159edstavenou tohoto kl\u00e1\u0161tera. Ze sv\u00e9ho d\u011bdictv\u00ed &hellip;<\/p>\n","protected":false},"author":1,"featured_media":0,"parent":0,"menu_order":0,"comment_status":"closed","ping_status":"closed","template":"template-builder.php","meta":{"footnotes":""},"class_list":["post-852","page","type-page","status-publish","hentry"],"_links":{"self":[{"href":"https:\/\/www.klasterdoksany.net\/index.php?rest_route=\/wp\/v2\/pages\/852","targetHints":{"allow":["GET"]}}],"collection":[{"href":"https:\/\/www.klasterdoksany.net\/index.php?rest_route=\/wp\/v2\/pages"}],"about":[{"href":"https:\/\/www.klasterdoksany.net\/index.php?rest_route=\/wp\/v2\/types\/page"}],"author":[{"embeddable":true,"href":"https:\/\/www.klasterdoksany.net\/index.php?rest_route=\/wp\/v2\/users\/1"}],"replies":[{"embeddable":true,"href":"https:\/\/www.klasterdoksany.net\/index.php?rest_route=%2Fwp%2Fv2%2Fcomments&post=852"}],"version-history":[{"count":2,"href":"https:\/\/www.klasterdoksany.net\/index.php?rest_route=\/wp\/v2\/pages\/852\/revisions"}],"predecessor-version":[{"id":856,"href":"https:\/\/www.klasterdoksany.net\/index.php?rest_route=\/wp\/v2\/pages\/852\/revisions\/856"}],"wp:attachment":[{"href":"https:\/\/www.klasterdoksany.net\/index.php?rest_route=%2Fwp%2Fv2%2Fmedia&parent=852"}],"curies":[{"name":"wp","href":"https:\/\/api.w.org\/{rel}","templated":true}]}}