{"id":842,"date":"2025-08-28T20:53:28","date_gmt":"2025-08-28T18:53:28","guid":{"rendered":"http:\/\/www.klasterdoksany.net\/?page_id=842"},"modified":"2025-08-28T20:53:28","modified_gmt":"2025-08-28T18:53:28","slug":"bronislava","status":"publish","type":"page","link":"https:\/\/www.klasterdoksany.net\/?page_id=842","title":{"rendered":"Bronislava"},"content":{"rendered":"<section id=\"builder-section-text_11\" class=\"builder-section-first builder-section builder-section-text builder-section-last builder-text-columns-1\" style=\"background-size: cover; background-repeat: no-repeat;background-position: center center;\">\n<div class=\"builder-section-content\">\n<div class=\"builder-text-row\">\n<div class=\"builder-text-column builder-text-column-1\" id=\"builder-section-text_11-column-1\">\n<div class=\"builder-text-content\">\n<h2>Blahoslaven\u00e1 Bronislava \u2013 premonstr\u00e1tka z  Krakova<\/h2>\n<p>Bronislava se narodila roku 1203 v polsk\u00e9 \u0161lechtick\u00e9 rodin\u011b na panstv\u00ed Kamie\u0148 v Horn\u00edm Slezsku. Vyr\u016fstala v ovzdu\u0161\u00ed siln\u011b ovlivn\u011bn\u00e9m k\u0159i\u017e\u00e1ck\u00fdmi v\u00fdpravami. Po cel\u00fd sv\u016fj \u017eivot chovala velkou \u00factu ke Svat\u00e9mu K\u0159\u00ed\u017ei. V 16 letech vstoupila do kl\u00e1\u0161tera premonstr\u00e1tek na Zwierzynieci v Krakov\u011b, zalo\u017een\u00e9m prad\u011bde\u010dkem, do kter\u00e9ho p\u0159i\u0161ly prvn\u00ed sestry z Doksan. Na jej\u00ed spolusestry siln\u011b zap\u016fsobila jej\u00ed zbo\u017en\u00e1 modlitba, rozj\u00edm\u00e1n\u00ed o Umu\u010den\u00ed P\u00e1n\u011b a uct\u00edv\u00e1n\u00ed Svat\u00e9ho K\u0159\u00ed\u017ee.<br \/>\nRoku 1241 napadli Krakov Tata\u0159i. Bronislava povzbuzovala sestry s k\u0159\u00ed\u017eem v ruce: \u201eNebojte se, k\u0159\u00ed\u017e n\u00e1s zachr\u00e1n\u00ed.\u201c Barba\u0159i po sob\u011b zanechali zk\u00e1zu. Kl\u00e1\u0161ter byl \u00fapln\u011b vyp\u00e1len, jeho obnova trvala v\u00edce let. Ve stejn\u00e9m roce v kraji \u0159\u00e1dil tak\u00e9 mor. Bronislava byla st\u00e1le oporou sv\u00fdch sester a \u201eand\u011blem \u00fat\u011bchy\u201c pro lidi v nouzi. Obyvatel\u00e9 m\u011bsta ji pova\u017eovali za svou ochr\u00e1nkyni, j\u00ed\u017e se mohou dovol\u00e1vat v \u010dase nebezpe\u010d\u00ed. Jej\u00ed pomoc\u00ed a ochranou byl k\u0159\u00ed\u017e \u2013 a tak je obvykle zobrazov\u00e1na, jak se modl\u00ed p\u0159ed Je\u017e\u00ed\u0161em, kter\u00fd j\u00ed ukazuje sv\u016fj k\u0159\u00ed\u017e. Tradice \u0159\u00edk\u00e1, \u017ee od samotn\u00e9ho Krista usly\u0161ela slova: \u201eBronislavo, m\u016fj k\u0159\u00ed\u017e je i Tv\u00fdm k\u0159\u00ed\u017eem a moje sl\u00e1va bude i Tvou.\u201c Ve v\u0161ech utrpen\u00edch a t\u011b\u017ek\u00fdch zkou\u0161k\u00e1ch se ut\u00edkala do samoty na kopec Sikornik, kde sv\u011b\u0159ovala t\u011b\u017ekosti sv\u00e9 a sv\u00fdch bli\u017en\u00edch Bo\u017e\u00edmu milosrdenstv\u00ed.<br \/>\n15. srpna 1257 v \u00famrtn\u00ed den sv\u00e9ho bratrance dominik\u00e1na svat\u00e9ho Hyacinta m\u011bla vid\u011bn\u00ed, jak jej Panna Maria vede do nebe.<br \/>\nZem\u0159ela 29. srpna 1259.<br \/>\nT\u011blo blahoslaven\u00e9 Bronislavy bylo p\u0159eneseno do kl\u00e1\u0161tern\u00edho kostela a jej\u00ed ostatky byly v\u017edy v \u00famrtn\u00ed den no\u0161eny v proces\u00ed.<br \/>\nPape\u017e \u0158eho\u0159 XVI. ji 23. srpna 1839 blaho\u0159e\u010dil. Pol\u0161t\u00ed biskupov\u00e9 roku 1947 zah\u00e1jili u pape\u017ee Pia XII. jej\u00ed kanoniza\u010dn\u00ed proces, kter\u00fd v\u0161ak byl kv\u016fli komunistick\u00e9mu re\u017eimu v Polsku pozdr\u017een. Nyn\u00ed se op\u011bt za\u010daly konat pot\u0159ebn\u00e9 kroky k jej\u00edmu svato\u0159e\u010den\u00ed.<br \/>\nKult blahoslaven\u00e9 Bronislavy je st\u00e1le \u017eiv\u00fd \u2013 ka\u017ed\u00e9 \u00fater\u00fd se v kl\u00e1\u0161tern\u00edm kostele sester premonstr\u00e1tek (polsky norbertanek) kon\u00e1 bohoslu\u017eba s p\u0159\u00edmluvami k t\u00e9to patronce \u0159\u00e1du i Krakova.<\/p>\n<\/p><\/div>\n<\/p><\/div>\n<\/p><\/div>\n<\/p><\/div>\n<\/section>\n","protected":false},"excerpt":{"rendered":"<p>Blahoslaven\u00e1 Bronislava \u2013 premonstr\u00e1tka z Krakova Bronislava se narodila roku 1203 v polsk\u00e9 \u0161lechtick\u00e9 rodin\u011b na panstv\u00ed Kamie\u0148 v Horn\u00edm Slezsku. Vyr\u016fstala v ovzdu\u0161\u00ed siln\u011b ovlivn\u011bn\u00e9m k\u0159i\u017e\u00e1ck\u00fdmi v\u00fdpravami. Po cel\u00fd sv\u016fj \u017eivot chovala velkou \u00factu ke Svat\u00e9mu K\u0159\u00ed\u017ei. V 16 letech vstoupila do kl\u00e1\u0161tera premonstr\u00e1tek na Zwierzynieci v Krakov\u011b, zalo\u017een\u00e9m prad\u011bde\u010dkem, do kter\u00e9ho p\u0159i\u0161ly prvn\u00ed &hellip;<\/p>\n","protected":false},"author":1,"featured_media":0,"parent":0,"menu_order":0,"comment_status":"closed","ping_status":"closed","template":"template-builder.php","meta":{"footnotes":""},"class_list":["post-842","page","type-page","status-publish","hentry"],"_links":{"self":[{"href":"https:\/\/www.klasterdoksany.net\/index.php?rest_route=\/wp\/v2\/pages\/842","targetHints":{"allow":["GET"]}}],"collection":[{"href":"https:\/\/www.klasterdoksany.net\/index.php?rest_route=\/wp\/v2\/pages"}],"about":[{"href":"https:\/\/www.klasterdoksany.net\/index.php?rest_route=\/wp\/v2\/types\/page"}],"author":[{"embeddable":true,"href":"https:\/\/www.klasterdoksany.net\/index.php?rest_route=\/wp\/v2\/users\/1"}],"replies":[{"embeddable":true,"href":"https:\/\/www.klasterdoksany.net\/index.php?rest_route=%2Fwp%2Fv2%2Fcomments&post=842"}],"version-history":[{"count":1,"href":"https:\/\/www.klasterdoksany.net\/index.php?rest_route=\/wp\/v2\/pages\/842\/revisions"}],"predecessor-version":[{"id":843,"href":"https:\/\/www.klasterdoksany.net\/index.php?rest_route=\/wp\/v2\/pages\/842\/revisions\/843"}],"wp:attachment":[{"href":"https:\/\/www.klasterdoksany.net\/index.php?rest_route=%2Fwp%2Fv2%2Fmedia&parent=842"}],"curies":[{"name":"wp","href":"https:\/\/api.w.org\/{rel}","templated":true}]}}