{"id":839,"date":"2025-08-28T20:48:15","date_gmt":"2025-08-28T18:48:15","guid":{"rendered":"http:\/\/www.klasterdoksany.net\/?page_id=839"},"modified":"2025-12-02T14:36:00","modified_gmt":"2025-12-02T13:36:00","slug":"bohosluzby","status":"publish","type":"page","link":"https:\/\/www.klasterdoksany.net\/?page_id=839","title":{"rendered":"Bohoslu\u017eby"},"content":{"rendered":"<section id=\"builder-section-text_11\" class=\"builder-section-first builder-section builder-section-text builder-section-last builder-text-columns-1\" style=\"background-size: cover; background-repeat: no-repeat;background-position: center center;\">\n<div class=\"builder-section-content\">\n<div class=\"builder-text-row\">\n<div class=\"builder-text-column builder-text-column-1\" id=\"builder-section-text_11-column-1\">\n<div class=\"builder-text-content\">\n<p><img loading=\"lazy\" decoding=\"async\" class=\"aligncenter size-full wp-image-573\" src=\"http:\/\/www.klasterdoksany.net\/wp-content\/uploads\/KlasterDoksany\/PC310165_JPG.jpg\" alt=\"\" width=\"651\" height=\"451\" srcset=\"https:\/\/www.klasterdoksany.net\/wp-content\/uploads\/KlasterDoksany\/PC310165_JPG.jpg 651w, https:\/\/www.klasterdoksany.net\/wp-content\/uploads\/KlasterDoksany\/PC310165_JPG-300x208.jpg 300w\" sizes=\"auto, (max-width: 651px) 100vw, 651px\" \/><\/p>\n<h2>Pravideln\u00e9 bohoslu\u017eby v kostele Narozen\u00ed Panny Marie<\/h2>\n<p>Ned\u011ble \u2013 v 11 hodin, od 10:30 modlitba r\u016f\u017eence<\/p>\n<p>P\u00e1tek \u2013 v 18 hodin<\/p>\n<p><img loading=\"lazy\" decoding=\"async\" class=\"alignleft size-full wp-image-548\" src=\"http:\/\/www.klasterdoksany.net\/wp-content\/uploads\/KlasterDoksany\/DSC01695_edited.jpg\" alt=\"\" width=\"249\" height=\"165\" \/><br \/><strong>1. p\u00e1tek v m\u011bs\u00edci<\/strong> s prosbou za nov\u00e1 kn\u011b\u017esk\u00e1 a \u0159eholn\u00ed povol\u00e1n\u00ed<\/p>\n<p>&#8211; v 19:30 modlitba r\u016f\u017eence<\/p>\n<p>&#8211; ve 20:00 m\u0161e svat\u00e1, po n\u00ed adorace se sv\u00e1tostn\u00fdm po\u017eehn\u00e1n\u00edm, p\u0159\u00edpadn\u011b s pr\u016fvodem s Nejsv\u011bt\u011bj\u0161\u00ed sv\u00e1tost\u00ed, pak n\u00e1sleduje spole\u010dn\u00e9 agap\u00e9 na fa\u0159e<\/p>\n<p><strong>Bohoslu\u017eby v kapli sester<\/strong><\/p>\n<p>Pond\u011bl\u00ed, \u00fater\u00fd, st\u0159eda,\u010dtvrtek a sobota &#8211; m\u0161e svat\u00e1 v 7:15<\/p>\n<p>Pokud se chcete z\u00fa\u010dastnit m\u0161e v na\u0161\u00ed kapli, je t\u0159eba se p\u0159edem domluvit s administr\u00e1torem farnosti (722 914 053).<\/p>\n<p>Vstup do kaple vede p\u0159es faru. Sraz je p\u0159ed budovou fary nejpozd\u011bji 10 minut p\u0159ed za\u010d\u00e1tkem m\u0161e.<\/p>\n<\/p><\/div>\n<\/p><\/div>\n<\/p><\/div>\n<\/p><\/div>\n<\/section>\n","protected":false},"excerpt":{"rendered":"<p>Pravideln\u00e9 bohoslu\u017eby v kostele Narozen\u00ed Panny Marie Ned\u011ble \u2013 v 11 hodin, od 10:30 modlitba r\u016f\u017eence P\u00e1tek \u2013 v 18 hodin 1. p\u00e1tek v m\u011bs\u00edci s prosbou za nov\u00e1 kn\u011b\u017esk\u00e1 a \u0159eholn\u00ed povol\u00e1n\u00ed &#8211; v 19:30 modlitba r\u016f\u017eence &#8211; ve 20:00 m\u0161e svat\u00e1, po n\u00ed adorace se sv\u00e1tostn\u00fdm po\u017eehn\u00e1n\u00edm, p\u0159\u00edpadn\u011b s pr\u016fvodem s Nejsv\u011bt\u011bj\u0161\u00ed sv\u00e1tost\u00ed, &hellip;<\/p>\n","protected":false},"author":1,"featured_media":0,"parent":0,"menu_order":0,"comment_status":"closed","ping_status":"closed","template":"template-builder.php","meta":{"footnotes":""},"class_list":["post-839","page","type-page","status-publish","hentry"],"_links":{"self":[{"href":"https:\/\/www.klasterdoksany.net\/index.php?rest_route=\/wp\/v2\/pages\/839","targetHints":{"allow":["GET"]}}],"collection":[{"href":"https:\/\/www.klasterdoksany.net\/index.php?rest_route=\/wp\/v2\/pages"}],"about":[{"href":"https:\/\/www.klasterdoksany.net\/index.php?rest_route=\/wp\/v2\/types\/page"}],"author":[{"embeddable":true,"href":"https:\/\/www.klasterdoksany.net\/index.php?rest_route=\/wp\/v2\/users\/1"}],"replies":[{"embeddable":true,"href":"https:\/\/www.klasterdoksany.net\/index.php?rest_route=%2Fwp%2Fv2%2Fcomments&post=839"}],"version-history":[{"count":3,"href":"https:\/\/www.klasterdoksany.net\/index.php?rest_route=\/wp\/v2\/pages\/839\/revisions"}],"predecessor-version":[{"id":1162,"href":"https:\/\/www.klasterdoksany.net\/index.php?rest_route=\/wp\/v2\/pages\/839\/revisions\/1162"}],"wp:attachment":[{"href":"https:\/\/www.klasterdoksany.net\/index.php?rest_route=%2Fwp%2Fv2%2Fmedia&parent=839"}],"curies":[{"name":"wp","href":"https:\/\/api.w.org\/{rel}","templated":true}]}}