{"id":738,"date":"2025-08-27T14:36:01","date_gmt":"2025-08-27T12:36:01","guid":{"rendered":"http:\/\/www.klasterdoksany.net\/?page_id=738"},"modified":"2026-01-08T16:08:42","modified_gmt":"2026-01-08T15:08:42","slug":"soucasnost-radu","status":"publish","type":"page","link":"https:\/\/www.klasterdoksany.net\/?page_id=738","title":{"rendered":"Sou\u010dasnost \u0159\u00e1du"},"content":{"rendered":"<section id=\"builder-section-text_25\" class=\"builder-section-first builder-section builder-section-text builder-section-next-text has-background builder-text-columns-4\" style=\"background-color:#cccccc;background-size: cover; background-repeat: no-repeat;background-position: center center;\">\n<div class=\"builder-section-content\">\n<div class=\"builder-text-row\">\n<div class=\"builder-text-column builder-text-column-1\" id=\"builder-section-text_25-column-1\">\n<div class=\"builder-text-content\">\n<p><a href=\"http:\/\/www.klasterdoksany.net\/?page_id=676\">Historie \u0159\u00e1du<\/a><\/p>\n<\/p><\/div>\n<\/p><\/div>\n<div class=\"builder-text-column builder-text-column-2\" id=\"builder-section-text_25-column-2\">\n<div class=\"builder-text-content\">\n<p><a href=\"http:\/\/www.klasterdoksany.net\/?page_id=684\">Spiritualita \u0159\u00e1du<\/a><\/p>\n<\/p><\/div>\n<\/p><\/div>\n<div class=\"builder-text-column builder-text-column-3\" id=\"builder-section-text_25-column-3\">\n<div class=\"builder-text-content\">\n<p><a href=\"http:\/\/www.klasterdoksany.net\/?page_id=738\">Sou\u010dasnost \u0159\u00e1du<\/a><\/p>\n<\/p><\/div>\n<\/p><\/div>\n<div class=\"builder-text-column builder-text-column-4\" id=\"builder-section-text_25-column-4\">\n<div class=\"builder-text-content\">\n<p><a href=\"http:\/\/www.klasterdoksany.net\/?page_id=756\">Sv\u011btci<\/a><\/p>\n<\/p><\/div>\n<\/p><\/div>\n<\/p><\/div>\n<\/p><\/div>\n<\/section>\n<section id=\"builder-section-text_11\" class=\"builder-section-prev-text builder-section builder-section-text builder-section-last builder-text-columns-1\" style=\"background-size: cover; background-repeat: no-repeat;background-position: center center;\">\n<div class=\"builder-section-content\">\n<div class=\"builder-text-row\">\n<div class=\"builder-text-column builder-text-column-1\" id=\"builder-section-text_11-column-1\">\n<div class=\"builder-text-content\">\n<p><img decoding=\"async\" class=\"alignleft size-full wp-image-574\" src=\"http:\/\/www.klasterdoksany.net\/wp-content\/uploads\/KlasterDoksany\/Kl\u0430ster-soucasnost.jpg\" alt=\"\" width=\"100%\" srcset=\"https:\/\/www.klasterdoksany.net\/wp-content\/uploads\/KlasterDoksany\/Kl\u0430ster-soucasnost.jpg 925w, https:\/\/www.klasterdoksany.net\/wp-content\/uploads\/KlasterDoksany\/Kl\u0430ster-soucasnost-300x128.jpg 300w, https:\/\/www.klasterdoksany.net\/wp-content\/uploads\/KlasterDoksany\/Kl\u0430ster-soucasnost-768x329.jpg 768w\" sizes=\"(max-width: 925px) 100vw, 925px\" \/><\/p>\n<h2>Sou\u010dasnost<\/h2>\n<p><strong>Premonstr\u00e1tsk\u00e1 rodina<\/strong><\/p>\n<ul>\n<li>\u0159eholn\u00ed kanovn\u00edci premonstr\u00e1tsk\u00e9ho \u0159\u00e1du \u2013 OPraem.<\/li>\n<li>\u0159eholn\u00ed kanovnice premonstr\u00e1tsk\u00e9ho \u0159\u00e1du \u2013 OPraem.<\/li>\n<li>kongregace sester premonstr\u00e1tek \u2013 SPraem.<\/li>\n<li>terci\u00e1\u0159i premonstr\u00e1tsk\u00e9ho \u0159\u00e1du<\/li>\n<\/ul>\n<p><strong>\u0158eholn\u00ed kanovn\u00edci a kanovnice<\/strong> \u017eij\u00ed v samostatn\u00fdch kl\u00e1\u0161terech, v \u0159\u00e1du zvan\u00fdch kanonie, pod veden\u00edm opata nebo p\u0159evorky. Jednotliv\u00e9 kl\u00e1\u0161tery jsou sdru\u017eeny podle jazykov\u00fdch oblast\u00ed do tzv. cirk\u00e1ri\u00ed. \u010cesk\u00e1 cirk\u00e1rie zahrnuje kl\u00e1\u0161tery Strahov, Teplou, \u017deliv, Novou \u0158\u00ed\u0161i, Doksany a Jasov (Sk).<\/p>\n<p><em>Hlavn\u00edm p\u0159edstaven\u00fdm cel\u00e9ho \u0159\u00e1du<\/em> je gener\u00e1ln\u00ed opat se s\u00eddlem v \u0158\u00edm\u011b, jemu ve veden\u00ed \u0159\u00e1du napom\u00e1haj\u00ed \u010dlenov\u00e9 jeho rady.<br \/>Jednou za \u0161est let se kon\u00e1 <em>gener\u00e1ln\u00ed kapitula<\/em> &#8211; setk\u00e1n\u00ed v\u0161ech p\u0159edstaven\u00fdch a deleg\u00e1t\u016f jednotliv\u00fdch kanoni\u00ed. C\u00edlem tohoto setk\u00e1n\u00ed je vyjad\u0159ovat a podporovat pouto l\u00e1sky, jednoty a vz\u00e1jemn\u00e9 pomoci v \u0159\u00e1du. Tak\u00e9 m\u00e1 pr\u00e1vo vyd\u00e1vat pro \u0159\u00e1d z\u00e1kony a p\u0159edpisy.<\/p>\n<p><img decoding=\"async\" class=\"alignleft size-full\" style=\"float: left;\" src=\"http:\/\/www.klasterdoksany.net\/wp-content\/uploads\/KlasterDoksany\/windberg-15-7_JPG.jpg\" alt=\"\" width=\"50%\" \/><br \/><strong>Kongregace sester premonstr\u00e1tek<\/strong> \u2013 20. stolet\u00ed roz\u0161\u00ed\u0159ilo premonstr\u00e1tskou rodinu o kongregace sester. Sestry spojuj\u00ed naz\u00edrav\u00fd \u017eivot s vn\u011bj\u0161\u00ed apo\u0161tolskou slu\u017ebou, maj\u00ed svou vlastn\u00ed \u0159eholn\u00ed strukturu.<br \/>V \u010cesk\u00e9 republice jsou na Svat\u00e9m Kope\u010dku u Olomouce.<\/p>\n<p><strong>Terci\u00e1\u0159i<\/strong> \u2013 ji\u017e za \u017eivota sv. Norberta byli k jeho \u0159\u00e1du p\u0159ipojeni laici, kte\u0159\u00ed \u017eili ve sv\u011bt\u011b ve sv\u00fdch rodin\u00e1ch duchem Pr\u00e9montr\u00e9. Tento zp\u016fsob \u017eivota p\u0159etrv\u00e1v\u00e1 a\u017e dodnes.<br \/>Takto p\u0159idru\u017een\u00ed v\u011b\u0159\u00edc\u00ed nejen \u017eij\u00ed premonstr\u00e1tskou spiritualitu ve sv\u00e9m prost\u0159ed\u00ed, ale tak\u00e9 se sna\u017e\u00ed spolupracovat s komunitami, ke kter\u00fdm pat\u0159\u00ed.<\/p>\n<p>\u200b\u200b<\/p>\n<p>\u00a0<\/p>\n<h2>Vision &#8211; Mission &#8211; Statement<\/h2>\n<p><strong>Od gener\u00e1ln\u00ed kapituly v roce 2006 je posl\u00e1n\u00ed premonstr\u00e1tsk\u00e9ho \u0159\u00e1du formulov\u00e1no n\u00e1sleduj\u00edc\u00edmi slovy:<\/strong><\/p>\n<p>P\u0159itahov\u00e1ni milosrdenstv\u00edm Trojjedin\u00e9ho Boha,<br \/>jsme povol\u00e1ni, jako pok\u0159t\u011bn\u00ed, k n\u00e1sledov\u00e1n\u00ed Krista chud\u00e9ho a vzk\u0159\u00ed\u0161en\u00e9ho,<br \/>zp\u016fsobem apo\u0161tolsk\u00e9ho a radik\u00e1ln\u00edho \u017eivota,<br \/>podle evangelia, \u0158ehole sv. Augustina a charismatu sv. Norberta, zakladatele na\u0161eho premonstr\u00e1tsk\u00e9ho \u0159\u00e1du.<\/p>\n<p>N\u00e1\u0161 zp\u016fsob \u017eivota se vyzna\u010duje:<br \/>&#8211; celo\u017eivotn\u00edm hled\u00e1n\u00edm Boha v bratrsk\u00e9 komunit\u011b<br \/>&#8211; ustavi\u010dn\u00fdm obr\u00e1cen\u00edm skrze dar sebe sama c\u00edrkvi v na\u0161\u00ed profesi ve spojen\u00ed s vlastn\u00ed ob\u011bt\u00ed Kristovou<br \/>&#8211; st\u00e1l\u00fdm rozj\u00edm\u00e1n\u00edm Slova Bo\u017e\u00edho jako napodoben\u00ed Panny Marie<br \/>&#8211; intenzivn\u00edm \u017eivotem modlitby a slu\u017eby olt\u00e1\u0159e.<\/p>\n<p>Kdy\u017e odch\u00e1z\u00edme od ch\u00f3ru a olt\u00e1\u0159e, jdeme slou\u017eit lidsk\u00e9 rodin\u011b<br \/>v duchu prostoty, pohostinnosti, sm\u00ed\u0159en\u00ed a pokoje pro dobro c\u00edrkve a sv\u011bta,<br \/>se zvl\u00e1\u0161tn\u00ed pozornost\u00ed ke Kristu v chud\u00fdch, trp\u00edc\u00edch a t\u011bch, kte\u0159\u00ed Jej neznaj\u00ed.<\/p>\n<p>Modl\u00edme se, aby d\u00edlo, kter\u00e9 v n\u00e1s Duch Bo\u017e\u00ed zapo\u010dal, bylo dovedeno ke sv\u00e9mu napln\u011bn\u00ed v den Je\u017e\u00ed\u0161e Krista.<\/p>\n<p>Premonstr\u00e1tsk\u00e9 kl\u00e1\u0161tery v \u010cesk\u00e9 republice:<\/p>\n<p style=\"text-align: center;\"><a href=\"https:\/\/www.strahovskyklaster.cz\/\" target=\"_blank\" rel=\"noopener\">Strahov (Praha) <\/a>&#8211;\u00a0<a href=\"https:\/\/klastertepla.cz\/\" target=\"_blank\" rel=\"noopener\">Tepl\u00e1<\/a> &#8211;\u00a0<a href=\"https:\/\/www.zeliv.eu\/\" target=\"_blank\" rel=\"noopener\">\u017deliv<\/a> &#8211;\u00a0<a href=\"https:\/\/klasternovarise.cz\/\" target=\"_blank\" rel=\"noopener\">Nov\u00e1 \u0158\u00ed\u0161e<\/a> &#8211; Doksany<\/p>\n<\/p><\/div>\n<\/p><\/div>\n<\/p><\/div>\n<\/p><\/div>\n<\/section>\n","protected":false},"excerpt":{"rendered":"<p>Historie \u0159\u00e1du Spiritualita \u0159\u00e1du Sou\u010dasnost \u0159\u00e1du Sv\u011btci Sou\u010dasnost Premonstr\u00e1tsk\u00e1 rodina \u0159eholn\u00ed kanovn\u00edci premonstr\u00e1tsk\u00e9ho \u0159\u00e1du \u2013 OPraem. \u0159eholn\u00ed kanovnice premonstr\u00e1tsk\u00e9ho \u0159\u00e1du \u2013 OPraem. kongregace sester premonstr\u00e1tek \u2013 SPraem. terci\u00e1\u0159i premonstr\u00e1tsk\u00e9ho \u0159\u00e1du \u0158eholn\u00ed kanovn\u00edci a kanovnice \u017eij\u00ed v samostatn\u00fdch kl\u00e1\u0161terech, v \u0159\u00e1du zvan\u00fdch kanonie, pod veden\u00edm opata nebo p\u0159evorky. Jednotliv\u00e9 kl\u00e1\u0161tery jsou sdru\u017eeny podle jazykov\u00fdch oblast\u00ed do &hellip;<\/p>\n","protected":false},"author":1,"featured_media":0,"parent":0,"menu_order":0,"comment_status":"closed","ping_status":"closed","template":"template-builder.php","meta":{"footnotes":""},"class_list":["post-738","page","type-page","status-publish","hentry"],"_links":{"self":[{"href":"https:\/\/www.klasterdoksany.net\/index.php?rest_route=\/wp\/v2\/pages\/738","targetHints":{"allow":["GET"]}}],"collection":[{"href":"https:\/\/www.klasterdoksany.net\/index.php?rest_route=\/wp\/v2\/pages"}],"about":[{"href":"https:\/\/www.klasterdoksany.net\/index.php?rest_route=\/wp\/v2\/types\/page"}],"author":[{"embeddable":true,"href":"https:\/\/www.klasterdoksany.net\/index.php?rest_route=\/wp\/v2\/users\/1"}],"replies":[{"embeddable":true,"href":"https:\/\/www.klasterdoksany.net\/index.php?rest_route=%2Fwp%2Fv2%2Fcomments&post=738"}],"version-history":[{"count":18,"href":"https:\/\/www.klasterdoksany.net\/index.php?rest_route=\/wp\/v2\/pages\/738\/revisions"}],"predecessor-version":[{"id":1175,"href":"https:\/\/www.klasterdoksany.net\/index.php?rest_route=\/wp\/v2\/pages\/738\/revisions\/1175"}],"wp:attachment":[{"href":"https:\/\/www.klasterdoksany.net\/index.php?rest_route=%2Fwp%2Fv2%2Fmedia&parent=738"}],"curies":[{"name":"wp","href":"https:\/\/api.w.org\/{rel}","templated":true}]}}