{"id":684,"date":"2025-08-26T13:19:58","date_gmt":"2025-08-26T11:19:58","guid":{"rendered":"http:\/\/www.klasterdoksany.net\/?page_id=684"},"modified":"2025-09-01T14:25:57","modified_gmt":"2025-09-01T12:25:57","slug":"spiritualita-radu","status":"publish","type":"page","link":"https:\/\/www.klasterdoksany.net\/?page_id=684","title":{"rendered":"Spiritualita \u0159\u00e1du"},"content":{"rendered":"<section id=\"builder-section-text_25\" class=\"builder-section-first builder-section builder-section-text builder-section-next-text has-background builder-text-columns-4\" style=\"background-color:#cccccc;background-size: cover; background-repeat: no-repeat;background-position: center center;\">\n<div class=\"builder-section-content\">\n<div class=\"builder-text-row\">\n<div class=\"builder-text-column builder-text-column-1\" id=\"builder-section-text_25-column-1\">\n<div class=\"builder-text-content\">\n<p><a href=\"http:\/\/www.klasterdoksany.net\/?page_id=676\">Historie \u0159\u00e1du<\/a><\/p>\n<\/p><\/div>\n<\/p><\/div>\n<div class=\"builder-text-column builder-text-column-2\" id=\"builder-section-text_25-column-2\">\n<div class=\"builder-text-content\">\n<p><a href=\"http:\/\/www.klasterdoksany.net\/?page_id=684\">Spiritualita \u0159\u00e1du<\/a><\/p>\n<\/p><\/div>\n<\/p><\/div>\n<div class=\"builder-text-column builder-text-column-3\" id=\"builder-section-text_25-column-3\">\n<div class=\"builder-text-content\">\n<p><a href=\"http:\/\/www.klasterdoksany.net\/?page_id=738\">Sou\u010dasnost \u0159\u00e1du<\/a><\/p>\n<\/p><\/div>\n<\/p><\/div>\n<div class=\"builder-text-column builder-text-column-4\" id=\"builder-section-text_25-column-4\">\n<div class=\"builder-text-content\">\n<p><a href=\"http:\/\/www.klasterdoksany.net\/?page_id=756\">Sv\u011btci<\/a><\/p>\n<\/p><\/div>\n<\/p><\/div>\n<\/p><\/div>\n<\/p><\/div>\n<\/section>\n<section id=\"builder-section-text_11\" class=\"builder-section-prev-text builder-section builder-section-text builder-section-next-text builder-text-columns-1\" style=\"background-size: cover; background-repeat: no-repeat;background-position: center center;\">\n<div class=\"builder-section-content\">\n<div class=\"builder-text-row\">\n<div class=\"builder-text-column builder-text-column-1\" id=\"builder-section-text_11-column-1\">\n<div class=\"builder-text-content\">\n<p><strong>Spiritualita<\/strong><br \/>\n<center><strong>Svat\u00fd Norbert &#8211; n\u00e1\u0161 zakladatel<\/strong><\/center><br \/>\nSvat\u00fd Norbert stanovil pil\u00ed\u0159em sv\u00e9ho zalo\u017een\u00ed \u017eivot podle evangelia. \u0158\u00edkal, \u017ee m\u00e1me \u201en\u00e1sledovat P\u00edsmo svat\u00e9 a Krista m\u00edt v\u016fdcem\u201c.<\/p>\n<p>Jako vzor n\u00e1m dal \u017eivot a d\u00edlo svat\u00e9ho Augustina. Svat\u00fd Augustin \u017eil se sv\u00fdmi kleriky v Hippo apo\u0161tolsk\u00fdm \u017eivotem &#8211;  inspirovali se \u017eivotem prvotn\u00ed k\u0159es\u0165ansk\u00e9 obce v Jeruzal\u00e9m\u011b. Svat\u00fd Norbert p\u0159evzal tento ide\u00e1l a cht\u011bl ho uskute\u010dnit ve sv\u00e9m zalo\u017een\u00ed. Apo\u0161tolsk\u00fd \u017eivot znamen\u00e1 m\u00edt pod veden\u00edm Kristova Ducha jedno srdce a jednu du\u0161i, m\u00edt v\u0161echno spole\u010dn\u00e9, setrv\u00e1vat v u\u010den\u00ed apo\u0161tol\u016f, s Je\u017e\u00ed\u0161ovou matkou Mari\u00ed a s brat\u0159\u00edmi dl\u00edt jednomysln\u011b na modlitb\u00e1ch, s radost\u00ed l\u00e1mat chl\u00e9b, tj. m\u00edt Eucharistii za st\u0159ed cel\u00e9ho \u017eivota a vyd\u00e1vat sv\u011bdectv\u00ed o zmrtv\u00fdchvst\u00e1n\u00ed  na\u0161eho P\u00e1na Je\u017e\u00ed\u0161e Krista (srv. Sk 2,42nn). Proto svat\u00fd Norbert p\u0159ijal \u0158eholi svat\u00e9ho Augustina jako pravidlo \u017eivota pro sv\u00e9 komunity. \u0158ehole ukazuje spole\u010dn\u00fd \u017eivot jako cestu k Bohu v l\u00e1sce a p\u0159\u00e1telstv\u00ed, ve spole\u010dn\u00e9m vlastnictv\u00ed, v modlitb\u011b a pr\u00e1ci. <\/p>\n<p><img decoding=\"async\" src=\"http:\/\/www.klasterdoksany.net\/wp-content\/uploads\/KlasterDoksany\/DSC08275_JPG.jpg\" alt=\"\" width=\"100%\" height=\"283\" class=\"alignnone size-full wp-image-554\" srcset=\"https:\/\/www.klasterdoksany.net\/wp-content\/uploads\/KlasterDoksany\/DSC08275_JPG.jpg 909w, https:\/\/www.klasterdoksany.net\/wp-content\/uploads\/KlasterDoksany\/DSC08275_JPG-300x93.jpg 300w, https:\/\/www.klasterdoksany.net\/wp-content\/uploads\/KlasterDoksany\/DSC08275_JPG-768x239.jpg 768w\" sizes=\"(max-width: 909px) 100vw, 909px\" \/><\/p>\n<p>Sv. Norbert spojil rozj\u00edmav\u00fd kl\u00e1\u0161tern\u00ed \u017eivot s pastora\u010dn\u00ed slu\u017ebou kanovn\u00edk\u016f. Sv\u00fdm \u017e\u00e1k\u016fm vtiskl hlubokou a vrouc\u00ed \u00factu k Nejsv\u011bt\u011bj\u0161\u00ed Sv\u00e1tosti olt\u00e1\u0159n\u00ed; s\u00e1m byl nazv\u00e1n apo\u0161tolem Eucharistie a jeho \u0159\u00e1d b\u00fdv\u00e1 \u010dasto ozna\u010dov\u00e1n jako eucharistick\u00fd. Zanechal sv\u00fdm n\u00e1sledovn\u00edk\u016fm tak\u00e9 zbo\u017enou oddanost Pann\u011b Marii. P. Marii byla zasv\u011bcena v\u011bt\u0161ina premonstr\u00e1tsk\u00fdch kostel\u016f. Premonstr\u00e1ti od po\u010d\u00e1tku uct\u00edvali hlavn\u011b jej\u00ed Neposkvrn\u011bn\u00e9 Po\u010det\u00ed, jej\u00ed mate\u0159stv\u00ed a jej\u00edch sedm radost\u00ed, vz\u00fdvali ji v\u017edy jako svou Pan\u00ed a Kr\u00e1lovnu.<br \/>\nJedn\u00edm z jeho d\u016fle\u017eit\u00fdch odkaz\u016f je pohostinnost \u2013 p\u0159ij\u00edm\u00e1ni host\u016f a chud\u00fdch.<\/p>\n<p><center><strong>Formule slavn\u00fdch (do\u017eivotn\u00edch) slib\u016f<\/strong><\/center><br \/>\n<img loading=\"lazy\" decoding=\"async\" style=\"float: left\" src=\"http:\/\/www.klasterdoksany.net\/wp-content\/uploads\/KlasterDoksany\/0B190287_JPG.jpg\" alt=\"\" width=\"369\" height=\"324\" class=\"alignleft size-medium\" \/><br \/>\nSynov\u00e9  a dcery svat\u00e9ho Norberta projevuj\u00ed sv\u00e9 odevzd\u00e1n\u00ed se Bohu a C\u00edrkvi slo\u017een\u00edm \u0159eholn\u00edch slib\u016f.<br \/>\n\u201eJ\u00e1, bratr (sestra) se d\u00e1v\u00e1m a zasv\u011bcuji c\u00edrkvi\u2026\u201c  V t\u00e9to \u00favodn\u00ed v\u011bt\u011b formule slavn\u00fdch slib\u016f jde o vyj\u00e1d\u0159en\u00ed darov\u00e1n\u00ed sebe sama ur\u010dit\u00e9 kanonii (kl\u00e1\u0161teru) na\u0161eho \u0159\u00e1du, kter\u00e9 se podle stalet\u00e9 tradice naz\u00fdvaj\u00ed c\u00edrkve. Z\u00e1rove\u0148 jde o darov\u00e1n\u00ed se m\u00edstn\u00ed c\u00edrkvi, z \u010deho\u017e pak vypl\u00fdv\u00e1 soun\u00e1le\u017eitost s diec\u00e9z\u00ed, v n\u00ed\u017e se kl\u00e1\u0161ter nach\u00e1z\u00ed. Sestry \u017eij\u00ed na jednom a t\u00e9m\u017ee m\u00edst\u011b, u brat\u0159\u00ed se m\u00edsto apo\u0161tolsk\u00e9 p\u016fsobnosti m\u016f\u017ee m\u011bnit, ale v\u017edycky z\u016fst\u00e1v\u00e1 trval\u00e1 p\u0159in\u00e1le\u017eitost do konkr\u00e9tn\u00ed kanonie.<br \/>\n\u201eSlibuji \u017e\u00edt \u017eivotem obr\u00e1cen\u00ed a spole\u010denstv\u00ed\u2026\u201c Spole\u010dn\u00fd \u017eivot vy\u017eaduje ka\u017edodenn\u00ed \u00fasil\u00ed a askezi, ale p\u0159edev\u0161\u00edm v n\u011bm jde o hlubokou prom\u011bnu \u017eivota, o trval\u00e9 obracen\u00ed se (konverzi) k Bohu i k brat\u0159\u00edm a sestr\u00e1m.<br \/>\nUskute\u010d\u0148uje se tak\u00e9 \u017eivotem podle slib\u016f chudoby, \u010distoty a poslu\u0161nosti.<\/p>\n<p><\/br><br \/>\n<center><strong>Konstituce<\/strong><\/center><\/p>\n<\/p><\/div>\n<\/p><\/div>\n<\/p><\/div>\n<\/p><\/div>\n<\/section>\n<section id=\"builder-section-text_57\" class=\"builder-section-prev-text builder-section builder-section-text builder-section-last builder-text-columns-2\" style=\"background-size: cover; background-repeat: no-repeat;background-position: center center;\">\n<div class=\"builder-section-content\">\n<div class=\"builder-text-row\">\n<div class=\"builder-text-column builder-text-column-1\" id=\"builder-section-text_57-column-1\">\n<div class=\"builder-text-content\">\n<p>Jak je vyj\u00e1d\u0159eno v sou\u010dasn\u00fdch Konstituc\u00edch \u0159\u00e1du, jsou premonstr\u00e1ti a premonstr\u00e1tky P\u00e1nem povol\u00e1ni k troj\u00edmu posl\u00e1n\u00ed:<br \/>\nK naslouch\u00e1n\u00ed Bo\u017e\u00edmu slovu a jeho hl\u00e1s\u00e1n\u00ed, k slaven\u00ed liturgie a posv\u011bcov\u00e1n\u00ed ka\u017edodenn\u00edho \u017eivota, k vytv\u00e1\u0159en\u00ed c\u00edrkevn\u00edho a lidsk\u00e9ho spole\u010denstv\u00ed v opravdov\u00e9 l\u00e1sce.<br \/>\nTuto trojici m\u016f\u017eeme vyj\u00e1d\u0159it tak\u00e9 heslovit\u011b :<\/p>\n<p><strong>Modlitba<\/strong> (Liturgia, contemplatio)  <\/p>\n<p><strong>Spole\u010denstv\u00ed<\/strong> (koinonia, communio)<\/p>\n<p><strong>Slu\u017eba<\/strong> (diakonia, actio)<\/p>\n<p><strong>Modlitba<\/strong> znamen\u00e1 p\u0159edev\u0161\u00edm slaven\u00ed m\u0161e svat\u00e9 a liturgie hodin, \u010demu\u017e se zvl\u00e1\u0161tn\u00edm zp\u016fsobem zasv\u011bcuj\u00ed kanovnick\u00e1 spole\u010denstv\u00ed. Ale tak\u00e9 kontemplaci Bo\u017e\u00edho slova, posv\u00e1tn\u00e9 \u010dten\u00ed, studium, adoraci, osobn\u00ed modlitbu \u2013  v\u0161echno, \u010d\u00edm m\u016f\u017eeme chv\u00e1lit Boha a posv\u011bcovat sv\u011bt.<\/p>\n<p><strong>Spole\u010denstv\u00ed<\/strong>  znamen\u00e1 spole\u010dn\u00fd \u017eivot v l\u00e1sce a p\u0159\u00e1telstv\u00ed, ve v\u011brnosti p\u0159ijat\u00fdm z\u00e1vazk\u016fm, v ka\u017edodenn\u00ed kaj\u00edcnosti a ve snaze o obr\u00e1cen\u00ed a r\u016fst k jednot\u011b mysl\u00ed a srdc\u00ed zam\u011b\u0159en\u00fdch k Bohu.<\/p>\n<p><strong>Slu\u017eba<\/strong> znamen\u00e1 v\u0161echny formy apo\u0161tol\u00e1tu, kter\u00e9 jsou vlastn\u00ed premonstr\u00e1tsk\u00e9mu \u0159\u00e1du (hl\u00e1s\u00e1n\u00ed Bo\u017e\u00edho slova, pastorace ve farnostech, duchovn\u00ed centra, \u0161koly\u2026). Slu\u017ebou je tak\u00e9 pohostinnost, kter\u00e1 vyjad\u0159uje na\u0161i konkr\u00e9tn\u00ed l\u00e1sku k \u010dlov\u011bku.<\/p>\n<\/p><\/div>\n<\/p><\/div>\n<div class=\"builder-text-column builder-text-column-2\" id=\"builder-section-text_57-column-2\">\n<div class=\"builder-text-content\">\n<p><img loading=\"lazy\" decoding=\"async\" src=\"http:\/\/www.klasterdoksany.net\/wp-content\/uploads\/KlasterDoksany\/DSC07493_JPG.jpg\" alt=\"\" width=\"405\" height=\"192\" \/><\/br><br \/>\n<img loading=\"lazy\" decoding=\"async\" src=\"http:\/\/www.klasterdoksany.net\/wp-content\/uploads\/KlasterDoksany\/Kl\u0430ster-historie.jpg\" alt=\"\" width=\"405\" height=\"192\" \/><\/br><br \/>\n<img loading=\"lazy\" decoding=\"async\" src=\"http:\/\/www.klasterdoksany.net\/wp-content\/uploads\/KlasterDoksany\/IMG_1420_Original-1.jpg\" alt=\"\" width=\"405\" height=\"192\" \/><\/p>\n<\/p><\/div>\n<\/p><\/div>\n<\/p><\/div>\n<\/p><\/div>\n<\/section>\n","protected":false},"excerpt":{"rendered":"<p>Historie \u0159\u00e1du Spiritualita \u0159\u00e1du Sou\u010dasnost \u0159\u00e1du Sv\u011btci Spiritualita Svat\u00fd Norbert &#8211; n\u00e1\u0161 zakladatel Svat\u00fd Norbert stanovil pil\u00ed\u0159em sv\u00e9ho zalo\u017een\u00ed \u017eivot podle evangelia. \u0158\u00edkal, \u017ee m\u00e1me \u201en\u00e1sledovat P\u00edsmo svat\u00e9 a Krista m\u00edt v\u016fdcem\u201c. Jako vzor n\u00e1m dal \u017eivot a d\u00edlo svat\u00e9ho Augustina. Svat\u00fd Augustin \u017eil se sv\u00fdmi kleriky v Hippo apo\u0161tolsk\u00fdm \u017eivotem &#8211; inspirovali se \u017eivotem &hellip;<\/p>\n","protected":false},"author":1,"featured_media":0,"parent":0,"menu_order":0,"comment_status":"closed","ping_status":"closed","template":"template-builder.php","meta":{"footnotes":""},"class_list":["post-684","page","type-page","status-publish","hentry"],"_links":{"self":[{"href":"https:\/\/www.klasterdoksany.net\/index.php?rest_route=\/wp\/v2\/pages\/684","targetHints":{"allow":["GET"]}}],"collection":[{"href":"https:\/\/www.klasterdoksany.net\/index.php?rest_route=\/wp\/v2\/pages"}],"about":[{"href":"https:\/\/www.klasterdoksany.net\/index.php?rest_route=\/wp\/v2\/types\/page"}],"author":[{"embeddable":true,"href":"https:\/\/www.klasterdoksany.net\/index.php?rest_route=\/wp\/v2\/users\/1"}],"replies":[{"embeddable":true,"href":"https:\/\/www.klasterdoksany.net\/index.php?rest_route=%2Fwp%2Fv2%2Fcomments&post=684"}],"version-history":[{"count":69,"href":"https:\/\/www.klasterdoksany.net\/index.php?rest_route=\/wp\/v2\/pages\/684\/revisions"}],"predecessor-version":[{"id":1104,"href":"https:\/\/www.klasterdoksany.net\/index.php?rest_route=\/wp\/v2\/pages\/684\/revisions\/1104"}],"wp:attachment":[{"href":"https:\/\/www.klasterdoksany.net\/index.php?rest_route=%2Fwp%2Fv2%2Fmedia&parent=684"}],"curies":[{"name":"wp","href":"https:\/\/api.w.org\/{rel}","templated":true}]}}