{"id":663,"date":"2025-08-26T12:50:54","date_gmt":"2025-08-26T10:50:54","guid":{"rendered":"http:\/\/www.klasterdoksany.net\/?page_id=663"},"modified":"2025-09-01T14:00:43","modified_gmt":"2025-09-01T12:00:43","slug":"terciari","status":"publish","type":"page","link":"https:\/\/www.klasterdoksany.net\/?page_id=663","title":{"rendered":"Terci\u00e1\u0159i"},"content":{"rendered":"<section id=\"builder-section-text_11\" class=\"builder-section-first builder-section builder-section-text builder-section-last builder-text-columns-1\" style=\"background-size: cover; background-repeat: no-repeat;background-position: center center;\">\n<div class=\"builder-section-content\">\n<div class=\"builder-text-row\">\n<div class=\"builder-text-column builder-text-column-1\" id=\"builder-section-text_11-column-1\">\n<div class=\"builder-text-content\">\n<p>Premonstr\u00e1tsk\u00fd \u0159\u00e1d m\u00e1 ve sv\u00fdch \u0159ad\u00e1ch mu\u017ee i \u017eeny, kte\u0159\u00ed se s n\u00edm mohou zvl\u00e1\u0161tn\u00edm zp\u016fsobem duchovn\u011b spojit. Jsou to terci\u00e1\u0159i nebo terci\u00e1\u0159ky, lid\u00e9, kte\u0159\u00ed \u017eij\u00ed a pracuj\u00ed ve sv\u00e9m prost\u0159ed\u00ed a pro\u017e\u00edvaj\u00ed premonstr\u00e1tskou spiritualitu sv\u00fdm vlastn\u00edm zp\u016fsobem. \u010clenem t\u0159et\u00edho \u0159\u00e1du se \u010dlov\u011bk st\u00e1v\u00e1 po del\u0161\u00edm rozli\u0161en\u00ed sv\u00e9 vnit\u0159n\u00ed touhy po hlub\u0161\u00edm k\u0159es\u0165ansk\u00e9m \u017eivot\u011b v duchovn\u00edm klimatu premonstr\u00e1tsk\u00e9ho \u0159\u00e1du. \u017dadatele\/ku p\u0159ij\u00edm\u00e1 p\u0159edstaven\u00e1\/n\u00fd kl\u00e1\u0161tera. K na\u0161\u00ed kanonii pat\u0159\u00ed v sou\u010dasn\u00e9 dob\u011b skupina n\u011bkolika \u017een \u2013 terci\u00e1\u0159ek. Jsou s n\u00e1mi v pravideln\u00e9m kontaktu; vz\u00e1jemn\u011b se za sebe modl\u00edme, setk\u00e1v\u00e1me, sd\u00edl\u00edme svou v\u00edru a formujeme se v oblasti duchovn\u00edho \u017eivota. Premonstr\u00e1tsk\u00fd t\u0159et\u00ed \u0159\u00e1d se \u0159\u00edd\u00ed mezin\u00e1rodn\u00edmi Statuty schv\u00e1len\u00fdmi Svat\u00fdm stolcem (viz n\u00ed\u017ee).<\/p>\n<p><img loading=\"lazy\" decoding=\"async\" src=\"http:\/\/www.klasterdoksany.net\/wp-content\/uploads\/KlasterDoksany\/IMG_7194_JPG.jpg\" alt=\"\" width=\"277\" height=\"239\" class=\"alignleft size-medium\" \/><\/p>\n<p><img loading=\"lazy\" decoding=\"async\" src=\"http:\/\/www.klasterdoksany.net\/wp-content\/uploads\/KlasterDoksany\/IMG_9562-2_JPG.jpg\" alt=\"\" width=\"290\" height=\"239\" class=\"alignleft size-medium\" \/><\/p>\n<p><img loading=\"lazy\" decoding=\"async\" src=\"http:\/\/www.klasterdoksany.net\/wp-content\/uploads\/KlasterDoksany\/IMG_0523-2_JPG-300x225.jpg\" alt=\"\" width=\"300\" height=\"225\" \/><br \/>\n<\/br><br \/>\n<strong>STATUTA<br \/>\npremonstr\u00e1tsk\u00e9ho t\u0159et\u00edho \u0159\u00e1du<\/strong><\/p>\n<p>\u00a7 1 \u010clenov\u00e9 t\u0159et\u00edho \u0159\u00e1du premonstr\u00e1t\u016f, duchovn\u00ed i laici, si dali za c\u00edl dosp\u011bt ke k\u0159es\u0165ansk\u00e9 dokonalosti t\u00edm, \u017ee se nechaj\u00ed v\u00e9st kanovnickou tradic\u00ed, jak ji ve sv\u00e9m \u0159\u00e1du \u017eij\u00ed premonstr\u00e1t\u0161t\u00ed \u0159eholn\u00ed kanovn\u00edci a kanovnice, a sou\u010dasn\u011b si p\u0159ej\u00ed pod\u00edlet se na evangelizaci sv\u011bta ve spole\u010denstv\u00ed s premonstr\u00e1tsk\u00fdm \u0159\u00e1dem a pod jeho veden\u00edm (srov. k\u00e1n. 303 CIC).<\/p>\n<p>\u00a7 2 T\u0159et\u00ed \u0159\u00e1d premonstr\u00e1t\u016f, kter\u00fd se v\u00e1\u017ee na v\u0161eobecnou strukturu \u0159\u00e1du vrchol\u00edc\u00ed v samostatn\u00fdch kanoni\u00edch, je tvo\u0159en spole\u010denstv\u00edm terci\u00e1\u0159\u016f p\u0159ipojen\u00fdch k ur\u010dit\u00e9 kanonii. Ka\u017ed\u00e9 spole\u010denstv\u00ed si m\u016f\u017ee zvolit pojmenov\u00e1n\u00ed, kter\u00e9 odpov\u00edd\u00e1 kulturn\u00edmu prost\u0159ed\u00ed, v n\u011bm\u017e \u017eije (srov. k\u00e1n. 303 a 304 CIC).<\/p>\n<p>\u00a7 3 Kanonick\u00e9 z\u0159\u00edzen\u00ed spole\u010denstv\u00ed t\u0159et\u00edho \u0159\u00e1du v dom\u011b kanonie p\u0159\u00edslu\u0161\u00ed prel\u00e1tovi\/p\u0159evorce. Kanonick\u00e9 z\u0159\u00edzen\u00ed spole\u010denstv\u00ed mimo d\u016fm kanonie p\u0159edpokl\u00e1d\u00e1 p\u0159edchoz\u00ed p\u00edsemn\u00fd souhlas diec\u00e9zn\u00edho biskupa (srov. k\u00e1n. 312, \u00a7 2 CIC).<\/p>\n<p>\u00a7 4 Premonstr\u00e1tsk\u00fd t\u0159et\u00ed \u0159\u00e1d m\u016f\u017ee b\u00fdt zru\u0161en pouze Apo\u0161tolsk\u00fdm stolcem. Spole\u010denstv\u00ed m\u016f\u017ee b\u00fdt \u2013 pouze z v\u00e1\u017en\u00fdch d\u016fvod\u016f \u2013 zru\u0161eno prel\u00e1tem\/p\u0159evorkou pot\u00e9, co vyslechl\/a duchovn\u00edho spr\u00e1vce spole\u010denstv\u00ed a odpov\u011bdn\u00e9 p\u0159edstaven\u00e9. Diec\u00e9zn\u00ed biskup m\u016f\u017ee spole\u010denstv\u00ed zru\u0161it z v\u00e1\u017en\u00fdch d\u016fvod\u016f pot\u00e9, co vyslechl prel\u00e1ta\/p\u0159evorku (srov. k\u00e1n. 320 CIC).<\/p>\n<p>\u00a7 5 Prel\u00e1t ka\u017ed\u00e9 kanonie, ke kter\u00e9 je p\u0159ipojeno spole\u010denstv\u00ed t\u0159et\u00edho \u0159\u00e1du, ur\u010d\u00ed jednoho \u0159eholn\u00edka, kter\u00fd je pov\u011b\u0159en duchovn\u00ed spr\u00e1vou tohoto spole\u010denstv\u00ed a kter\u00fd jeho jm\u00e9nem potvrzuje odpov\u011bdn\u00e9 p\u0159edstaven\u00e9 zvolen\u00e9 kapitulou terci\u00e1\u0159\u016f a schvaluje p\u0159ijet\u00ed nov\u00fdch \u010dlen\u016f spole\u010denstv\u00ed, p\u0159i\u010dem\u017e ov\u0161em nesm\u00ed b\u00fdt dot\u010deno pr\u00e1vo prel\u00e1ta omezit pravomoci pov\u011b\u0159en\u00e9ho \u0159eholn\u00edka a vyhradit si tu nebo onu jeho pravomoc. Je vhodn\u00e9, aby prel\u00e1t jmenoval duchovn\u00edho spr\u00e1vce a\u017e pot\u00e9, co vyslechl radu odpov\u011bdn\u00fdch osob spole\u010denstv\u00ed (srov. k\u00e1n. 317 CIC).<br \/>\n1) P\u0159evorka Kanonie pov\u011b\u0159\u00ed duchovn\u00ed spr\u00e1vou Spole\u010denstv\u00ed probo\u0161ta Kanonie nebo jin\u00e9ho kn\u011bze (d\u00e1le jen pov\u011b\u0159en\u00e9ho kn\u011bze), po projedn\u00e1n\u00ed s p\u0159edstaviteli Spole\u010denstv\u00ed.<br \/>\n2) P\u0159evorka Kanonie ur\u010d\u00ed jednu sestru (d\u00e1le jen pov\u011b\u0159en\u00e1 sestra), kter\u00e1 jej\u00edm jm\u00e9nem bd\u00ed nad duchovn\u00ed a organiza\u010dn\u00ed str\u00e1nkou \u017eivota Spole\u010denstv\u00ed. Tato sestra \u00fazce spolupracuje s probo\u0161tem (nebos pov\u011b\u0159en\u00fdm kn\u011bzem) a tak\u00e9 se zvolen\u00fdm moder\u00e1torem Spole\u010denstv\u00ed. Pov\u011b\u0159en\u00e1 sestra potvrzuje jm\u00e9nem p\u0159evorky odpov\u011bdn\u00e9 p\u0159edstaven\u00e9 zvolen\u00e9 kapitulou terci\u00e1\u0159\u016f a schvaluje p\u0159ijet\u00ed nov\u00fdch \u010dlen\u016f Spole\u010denstv\u00ed.<br \/>\n3) P\u0159evorka m\u00e1 pr\u00e1vo omezit pravomoci pov\u011b\u0159en\u00e9ho kn\u011bze (pokud se nejedn\u00e1 o pravomoci vypl\u00fdvaj\u00edc\u00ed ze sv\u00e1tosti sv\u011bcen\u00ed) i pov\u011b\u0159en\u00e9 sestry a vyhradit si tu nebo onu jejich pravomoc.<\/p>\n<p>\u00a7 6 Prel\u00e1t\/p\u0159evorka m\u016f\u017ee odpov\u011bdn\u00e9 osoby a \u0159eholn\u00edka, kter\u00e9ho pov\u011b\u0159il duchovn\u00ed spr\u00e1vou spole\u010denstv\u00ed, zbavit jejich funkc\u00ed pod podm\u00ednkou, \u017ee je zde p\u00e1dn\u00fd d\u016fvod. \u0158eholn\u00edk jmenovan\u00fd prel\u00e1tem\/p\u0159evorkou m\u016f\u017ee tak\u00e9 zbavit funkc\u00ed ty, je\u017e jeho jm\u00e9nem potvrdil, je-li zde p\u00e1dn\u00fd d\u016fvod. M\u016f\u017ee p\u0159edt\u00edm vyslechnout doty\u010dn\u00e9ho i vedouc\u00ed odpov\u011bdn\u00e9 osoby.<\/p>\n<p>\u00a7 7 Jestli\u017ee spole\u010denstv\u00ed m\u00e1 majetek a dost\u00e1v\u00e1 dary, mus\u00ed je spravovat tak, aby byla zabezpe\u010dena \u00faloha sdru\u017een\u00ed, pokud jde o p\u00e9\u010di o majetek \u010dlen\u016f, nesm\u00ed se v\u0161ak zapom\u00ednat na bratrskou pomoc chud\u00fdm. Ka\u017ed\u00fd rok jsou osoby odpov\u011bdn\u00e9 za majetek povinny p\u0159edlo\u017eit prel\u00e1tovi spolehliv\u00e9 vy\u00fa\u010dtov\u00e1n\u00ed sv\u00e9 spr\u00e1vy (srov. k\u00e1n. 319, \u00a7 1 CIC).<\/p>\n<p>\u00a7 8 \/1\/ Ka\u017ed\u00e9 spole\u010denstv\u00ed t\u0159et\u00edho premonstr\u00e1tsk\u00e9ho \u0159\u00e1du, kter\u00e9 je kanonicky ustaveno, m\u016f\u017ee p\u0159i zachov\u00e1n\u00ed obecn\u011b platn\u00e9ho kanonick\u00e9ho pr\u00e1va a platn\u00fdch statut vytv\u00e1\u0159et vlastn\u00ed zp\u016fsob \u017eivota a vyd\u00e1vat pot\u0159ebn\u00e9 p\u0159edpisy, kter\u00e9 odpov\u00eddaj\u00ed m\u00edstn\u00edm podm\u00ednk\u00e1m a vy\u017eaduj\u00ed schv\u00e1len\u00ed prel\u00e1ta\/p\u0159evorky.<br \/>\n\/2\/ Prel\u00e1t se svoj\u00ed radou pot\u00e9, co vyslechl \u0159eholn\u00edka pov\u011b\u0159en\u00e9ho duchovn\u00ed spr\u00e1vou ve spole\u010denstv\u00ed, rozhoduje, za jak\u00fdch konkr\u00e9tn\u00edch podm\u00ednek \u2013 na \u010das nebo trvale \u2013 mohou terci\u00e1\u0159i bydlet uvnit\u0159 domu kanonie (m\u00edsto, h\u00e1bit, pr\u00e1va a povinnosti).<\/p>\n<p>\u00a7 9 Prel\u00e1t mus\u00ed bd\u00edt nad t\u00edm, aby byl zachov\u00e1v\u00e1n c\u00edl spole\u010denstv\u00ed a aby nedoch\u00e1zelo k poru\u0161ov\u00e1n\u00ed \u0159\u00e1du, k odpadu od v\u00edry a k poru\u0161ov\u00e1n\u00ed mrav\u016f naru\u0161uj\u00edc\u00edch aktivitu spole\u010denstv\u00ed.<br \/>\nKrom\u011b toho podl\u00e9h\u00e1 t\u0159et\u00ed \u0159\u00e1d dohledu Apo\u0161tolsk\u00e9ho stolce, gener\u00e1ln\u00edho opata a tak\u00e9, pokud vykon\u00e1v\u00e1 apo\u0161tolskou \u010dinnost v diec\u00e9zi, m\u00edstn\u00edho ordin\u00e1\u0159e (srov. k\u00e1n. 305 CIC).<br \/>\nP\u0159evorce, probo\u0161tovi Kanonie (nebo pov\u011b\u0159en\u00e9mu kn\u011bzi) i pov\u011b\u0159en\u00e9 sest\u0159e p\u0159\u00edslu\u0161\u00ed bd\u00edt nad t\u00edm, aby byl zachov\u00e1n c\u00edl spole\u010denstv\u00ed a aby nedoch\u00e1zelo k poru\u0161ov\u00e1n\u00ed \u0159\u00e1du, k odpadu od v\u00edry a k poru\u0161ov\u00e1n\u00ed mrav\u016f naru\u0161uj\u00edc\u00edch aktivitu spole\u010denstv\u00ed.<\/p>\n<p>\u00a7 10 P\u0159ij\u00edm\u00e1n\u00ed \u010dlen\u016f do spole\u010denstv\u00ed se m\u016f\u017ee d\u00edt r\u016fzn\u00fdm zp\u016fsobem podle m\u00edsta a zvyklost\u00ed, v nich\u017e spole\u010denstv\u00ed \u017eije. P\u0159i tomto p\u0159ij\u00edm\u00e1n\u00ed mus\u00ed b\u00fdt v\u017edy viditeln\u00fd duchovn\u00ed charakter spojen\u00ed, kter\u00e9 se uzav\u00edr\u00e1 s ur\u010ditou kanoni\u00ed na\u0161eho \u0159\u00e1du.<\/p>\n<p>\u00a7 11 Ob\u0159ad p\u0159ijet\u00ed do spole\u010denstv\u00ed vede bu\u010f prel\u00e1t, nebo duchovn\u00ed spr\u00e1vce, nebo jin\u00fd pov\u011b\u0159en\u00fd kn\u011bz. Ob\u0159ad p\u0159ijet\u00ed do Spole\u010denstv\u00ed vede obvykle bu\u010f probo\u0161t nebo pov\u011b\u0159en\u00fd kn\u011bz; nov\u00e9ho \u010dlena T\u0159et\u00edho \u0159\u00e1du p\u0159ij\u00edm\u00e1 p\u0159evorka.<\/p>\n<p>\u00a7 12 Apo\u0161tolsk\u00e1 Penitenci\u00e1rie ud\u011blila t\u0159et\u00edmu \u0159\u00e1du premonstr\u00e1t\u016f plnomocn\u00e9 odpustky za obvykl\u00fdch podm\u00ednek (sv. zpov\u011b\u010f, sv. p\u0159ij\u00edm\u00e1n\u00ed, modlitba na \u00famysl Svat\u00e9ho otce) a za p\u0159edpokladu, \u017ee \u010dlenov\u00e9 alespo\u0148 v duchu obnov\u00ed sv\u016fj slib v\u011brn\u011b zachov\u00e1vat statuta spole\u010denstv\u00ed, a to:<br \/>\n&#8211; ve v\u00fdro\u010dn\u00ed den jejich z\u00e1pisu do spole\u010denstv\u00ed<br \/>\n&#8211; o sv\u00e1tc\u00edch sv. Norberta (6.\u010derven), sv.Augustina (28. srpen), sv.He\u0159mana Josefa (24. kv\u011bten), sv. Adriana a Jakuba (9. \u010dervenec), bl. Gertrudy z Altenbergu (13. srpen), V\u0161ech svat\u00fdch premonstr\u00e1tsk\u00e9ho \u0159\u00e1du (13. listopadu; v \u010cR 15. listopadu ). Prot.297\/80, 20. \u0159\u00edjna 1980<\/p>\n<p>\u00a7 13 \u010clenov\u00e9 t\u0159et\u00edho \u0159\u00e1du vytv\u00e1\u0159ej\u00ed t\u00edm, \u017ee se ka\u017edodenn\u011b stav\u011bj\u00ed do Bo\u017e\u00edch slu\u017eeb, spole\u010denstv\u00ed v\u00edry a bl\u00ed\u017eeneck\u00e9 l\u00e1sky, kter\u00e9 je \u017eivouc\u00edm v\u00fdrazem spole\u010denstv\u00ed svat\u00fdch. V\u0161ichni maj\u00ed pod\u00edl na duchovn\u00edch dobrech kanonie, k n\u00ed\u017e jsou p\u0159i\u010dlen\u011bni.<\/p>\n<p>\u00a7 14 Ka\u017ed\u00fd m\u011bs\u00edc nebo alespo\u0148 ka\u017ed\u00fd t\u0159et\u00ed m\u011bs\u00edc maj\u00ed b\u00fdt \u010dlenov\u00e9 t\u0159et\u00edho \u0159\u00e1du svol\u00e1ni ke shrom\u00e1\u017ed\u011bn\u00ed, kter\u00e9 vede duchovn\u00ed spr\u00e1vce nebo jin\u00fd pov\u011b\u0159en\u00fd kn\u011bz.<\/p>\n<p>\u00a7 15 Kdy\u017e se takov\u00e9 shrom\u00e1\u017ed\u011bn\u00ed pro rozpt\u00fdlenost \u010dlen\u016f nem\u016f\u017ee konat, je nezbytn\u00e9 zaslat ka\u017ed\u00e9mu \u010dlenovi nejm\u00e9n\u011b jednou za \u010dty\u0159i m\u011bs\u00edce list, kter\u00fd by m\u011bl obsahovat specifick\u00e9 body, aby tak bylo postar\u00e1no o jejich duchovn\u00ed \u017eivot. Je \u017e\u00e1douc\u00ed, aby se alespo\u0148 jednou za rok konalo shrom\u00e1\u017ed\u011bn\u00ed cel\u00e9ho spole\u010denstv\u00ed.<\/p>\n<p>\u00a7 16 Proto\u017ee spole\u010denstv\u00ed \u010dlen\u016f t\u0159et\u00edho \u0159\u00e1du s cel\u00fdm \u0159\u00e1dem pramen\u00ed z p\u0159\u00edkazu l\u00e1sky k bli\u017en\u00edmu, bude se ka\u017ed\u00fd podle sv\u00fdch mo\u017enost\u00ed a schopnost\u00ed v\u011bnovat modlitb\u011b, a to p\u0159edev\u0161\u00edm denn\u00ed modlitb\u011b c\u00edrkve. Bude se pokud mo\u017eno co nej\u010dast\u011bji pod\u00edlet na slaven\u00ed eucharistie a p\u0159ij\u00edmat sv\u00e1tost sm\u00ed\u0159en\u00ed.<\/p>\n<p>\u00a7 17 Terci\u00e1\u0159i-kn\u011b\u017e\u00ed, jako\u017e i ti, kte\u0159\u00ed jsou povinni modlit se denn\u00ed modlitbu c\u00edrkve, mohou tomuto z\u00e1vazku dost\u00e1t tak, \u017ee budou zachov\u00e1vat kalend\u00e1\u0159 premonstr\u00e1tsk\u00e9ho \u0159\u00e1du, ov\u0161em za p\u0159edpokladu, \u017ee nejsou povinni slavit chor\u00e1ln\u00ed oficium a \u017ee m\u0161i svatou budou slou\u017eit podle m\u00edstn\u00edho kalend\u00e1\u0159e (SRC 8.b\u0159ezna 1922).<\/p>\n<p>\u00a7 18 Ka\u017ed\u00fd, kdo je \u0159\u00e1dn\u011b zaps\u00e1n do t\u0159et\u00edho \u0159\u00e1du, m\u016f\u017ee spole\u010denstv\u00ed kdykoli svobodn\u011b opustit.<\/p>\n<p>\u00a7 19 \u017d\u00e1dn\u00fd \u010dlen, kter\u00fd je \u0159\u00e1dn\u011b zaps\u00e1n do t\u0159et\u00edho \u0159\u00e1du, nem\u016f\u017ee b\u00fdt prel\u00e1tem\/p\u0159evorkou ani duchovn\u00edm spr\u00e1vcem propu\u0161t\u011bn, leda ze spravedliv\u00e9ho d\u016fvodu.<br \/>\nTen, kdo se zjevn\u011b odvr\u00e1til od katolick\u00e9 v\u00edry nebo vystoupil ze spole\u010denstv\u00ed c\u00edrkve nebo si p\u0159ivodil exkomunikaci, mus\u00ed b\u00fdt po v\u00fdzv\u011b prel\u00e1ta nebo delegovan\u00e9ho \u0159eholn\u00edka ze spole\u010denstv\u00ed propu\u0161t\u011bn, ov\u0161em p\u0159i zachov\u00e1n\u00ed mo\u017enosti odvolat se k vy\u0161\u0161\u00ed autorit\u011b (srov. k\u00e1n. 308).<\/p>\n<p>\u00a7 20 Premonstr\u00e1tsk\u00fd \u0159\u00e1d je vyb\u00edzen, aby v\u016f\u010di \u010dlen\u016fm t\u0159et\u00edho \u0159\u00e1du projevoval duchovn\u00ed p\u00e9\u010di a bratrskou l\u00e1sku, ale o\u010dek\u00e1v\u00e1 od nich, \u017ee budou d\u00e1le rozv\u00edjet a prohlubovat sv\u016fj \u017eivot tak, aby v\u0161ichni spole\u010dn\u011b vytv\u00e1\u0159eli jedno st\u00e1do a jednoho past\u00fd\u0159e ve slu\u017eb\u011b Bohu a v\u0161em lidem, jdouce ve stop\u00e1ch svat\u00e9ho Norberta.<br \/>\n\u0158eholn\u00edk, kter\u00fd je prel\u00e1tem\/p\u0159evorkou pov\u011b\u0159en, aby duchovn\u011b podporoval t\u0159et\u00ed \u0159\u00e1d, se m\u00e1 starat o to, aby se prohluboval nejen bratrsk\u00fd \u017eivot mezi \u010dleny t\u0159et\u00edho \u0159\u00e1du, ale tak\u00e9 mezi nimi a \u010dleny kanonie, k n\u00ed\u017e n\u00e1le\u017eej\u00ed.<\/p>\n<p>\u00a7 21 P\u0159edkl\u00e1dan\u00e1 statuta sv\u011btsk\u00e9ho t\u0159et\u00edho premonstr\u00e1tsk\u00e9ho \u0159\u00e1du byla schv\u00e1lena Apo\u0161tolsk\u00fdm stolcem, kter\u00fd jako jedin\u00fd je opr\u00e1vn\u011bn schv\u00e1lit zm\u011bny, kter\u00e9 by se prok\u00e1zaly jako nezbytn\u00e9 (srov. k\u00e1n. 314 a 312, \u00a7 1 CIC).<\/p>\n<\/p><\/div>\n<\/p><\/div>\n<\/p><\/div>\n<\/p><\/div>\n<\/section>\n","protected":false},"excerpt":{"rendered":"<p>Premonstr\u00e1tsk\u00fd \u0159\u00e1d m\u00e1 ve sv\u00fdch \u0159ad\u00e1ch mu\u017ee i \u017eeny, kte\u0159\u00ed se s n\u00edm mohou zvl\u00e1\u0161tn\u00edm zp\u016fsobem duchovn\u011b spojit. Jsou to terci\u00e1\u0159i nebo terci\u00e1\u0159ky, lid\u00e9, kte\u0159\u00ed \u017eij\u00ed a pracuj\u00ed ve sv\u00e9m prost\u0159ed\u00ed a pro\u017e\u00edvaj\u00ed premonstr\u00e1tskou spiritualitu sv\u00fdm vlastn\u00edm zp\u016fsobem. \u010clenem t\u0159et\u00edho \u0159\u00e1du se \u010dlov\u011bk st\u00e1v\u00e1 po del\u0161\u00edm rozli\u0161en\u00ed sv\u00e9 vnit\u0159n\u00ed touhy po hlub\u0161\u00edm k\u0159es\u0165ansk\u00e9m \u017eivot\u011b v &hellip;<\/p>\n","protected":false},"author":1,"featured_media":0,"parent":0,"menu_order":0,"comment_status":"closed","ping_status":"closed","template":"template-builder.php","meta":{"footnotes":""},"class_list":["post-663","page","type-page","status-publish","hentry"],"_links":{"self":[{"href":"https:\/\/www.klasterdoksany.net\/index.php?rest_route=\/wp\/v2\/pages\/663","targetHints":{"allow":["GET"]}}],"collection":[{"href":"https:\/\/www.klasterdoksany.net\/index.php?rest_route=\/wp\/v2\/pages"}],"about":[{"href":"https:\/\/www.klasterdoksany.net\/index.php?rest_route=\/wp\/v2\/types\/page"}],"author":[{"embeddable":true,"href":"https:\/\/www.klasterdoksany.net\/index.php?rest_route=\/wp\/v2\/users\/1"}],"replies":[{"embeddable":true,"href":"https:\/\/www.klasterdoksany.net\/index.php?rest_route=%2Fwp%2Fv2%2Fcomments&post=663"}],"version-history":[{"count":11,"href":"https:\/\/www.klasterdoksany.net\/index.php?rest_route=\/wp\/v2\/pages\/663\/revisions"}],"predecessor-version":[{"id":1084,"href":"https:\/\/www.klasterdoksany.net\/index.php?rest_route=\/wp\/v2\/pages\/663\/revisions\/1084"}],"wp:attachment":[{"href":"https:\/\/www.klasterdoksany.net\/index.php?rest_route=%2Fwp%2Fv2%2Fmedia&parent=663"}],"curies":[{"name":"wp","href":"https:\/\/api.w.org\/{rel}","templated":true}]}}