{"id":1001,"date":"2025-09-01T12:10:16","date_gmt":"2025-09-01T10:10:16","guid":{"rendered":"http:\/\/www.klasterdoksany.net\/?page_id=1001"},"modified":"2025-09-02T09:40:12","modified_gmt":"2025-09-02T07:40:12","slug":"index","status":"publish","type":"page","link":"https:\/\/www.klasterdoksany.net\/","title":{"rendered":"index"},"content":{"rendered":"<section id=\"builder-section-text_11\" class=\"builder-section-first builder-section builder-section-text builder-section-next-text has-background builder-text-columns-2\" style=\"background-color:#adadad;background-size: cover; background-repeat: no-repeat;background-position: center center;\">\n<div class=\"builder-section-content\">\n<div class=\"builder-text-row\">\n<div class=\"builder-text-column builder-text-column-1\" id=\"builder-section-text_11-column-1\">\n<div class=\"builder-text-content\">\n<p><img loading=\"lazy\" decoding=\"async\" src=\"http:\/\/www.klasterdoksany.net\/wp-content\/uploads\/KlasterDoksany\/DSC08215_edited.jpg\" alt=\"\" width=\"438\" height=\"337\" class=\"aligncenter size-full wp-image-552\" srcset=\"https:\/\/www.klasterdoksany.net\/wp-content\/uploads\/KlasterDoksany\/DSC08215_edited.jpg 438w, https:\/\/www.klasterdoksany.net\/wp-content\/uploads\/KlasterDoksany\/DSC08215_edited-300x231.jpg 300w\" sizes=\"auto, (max-width: 438px) 100vw, 438px\" \/><\/p>\n<\/p><\/div>\n<\/p><\/div>\n<div class=\"builder-text-column builder-text-column-2\" id=\"builder-section-text_11-column-2\">\n<div class=\"builder-text-content\">\n<p><img loading=\"lazy\" decoding=\"async\" src=\"http:\/\/www.klasterdoksany.net\/wp-content\/uploads\/KlasterDoksany\/Kontemplace.png\" alt=\"\" width=\"438\" height=\"337\" class=\"alignright size-full wp-image-1135\" srcset=\"https:\/\/www.klasterdoksany.net\/wp-content\/uploads\/KlasterDoksany\/Kontemplace.png 438w, https:\/\/www.klasterdoksany.net\/wp-content\/uploads\/KlasterDoksany\/Kontemplace-300x231.png 300w\" sizes=\"auto, (max-width: 438px) 100vw, 438px\" \/><\/p>\n<\/p><\/div>\n<\/p><\/div>\n<\/p><\/div>\n<\/p><\/div>\n<\/section>\n<section id=\"builder-section-text_31\" class=\"builder-section-prev-text builder-section builder-section-text builder-section-last builder-text-columns-4\" style=\"background-size: cover; background-repeat: no-repeat;background-position: center center;\">\n<div class=\"builder-section-content\">\n<div class=\"builder-text-row\">\n<div class=\"builder-text-column builder-text-column-1\" id=\"builder-section-text_31-column-1\">\n<div class=\"builder-text-content\">\n<h2>N\u00e1\u0161 \u017eivot<\/h2>\n<p style=\"text-align: center\">\u017dijeme kontemplativn\u00edm \u017eivotem s klauzurou vyhrazenou Konstitucemi.<\/p>\n<p><a href=\"http:\/\/www.klasterdoksany.net\/?page_id=765\">V\u00edce<\/a><\/p>\n<\/p><\/div>\n<\/p><\/div>\n<div class=\"builder-text-column builder-text-column-2\" id=\"builder-section-text_31-column-2\">\n<div class=\"builder-text-content\">\n<p><img loading=\"lazy\" decoding=\"async\" src=\"http:\/\/www.klasterdoksany.net\/wp-content\/uploads\/KlasterDoksany\/N\u0430s-zivot.jpg\" alt=\"\" width=\"244\" height=\"346\" class=\"aligncenter size-full wp-image-570\" srcset=\"https:\/\/www.klasterdoksany.net\/wp-content\/uploads\/KlasterDoksany\/N\u0430s-zivot.jpg 244w, https:\/\/www.klasterdoksany.net\/wp-content\/uploads\/KlasterDoksany\/N\u0430s-zivot-212x300.jpg 212w\" sizes=\"auto, (max-width: 244px) 100vw, 244px\" \/><\/p>\n<\/p><\/div>\n<\/p><\/div>\n<div class=\"builder-text-column builder-text-column-3\" id=\"builder-section-text_31-column-3\">\n<div class=\"builder-text-content\">\n<h2>P\u0159\u00edmluvn\u00e1 modlitba<\/h2>\n<p style=\"text-align: center\">Slu\u017ebu C\u00edrkvi a lidem vyjad\u0159ujeme tak\u00e9 p\u0159\u00edmluvnou modlitbou na va\u0161e \u00famysly.<\/p>\n<p><a href=\"http:\/\/www.klasterdoksany.net\/?page_id=935\">V\u00edce<\/a><\/p>\n<\/p><\/div>\n<\/p><\/div>\n<div class=\"builder-text-column builder-text-column-4\" id=\"builder-section-text_31-column-4\">\n<div class=\"builder-text-content\">\n<p><img loading=\"lazy\" decoding=\"async\" src=\"http:\/\/www.klasterdoksany.net\/wp-content\/uploads\/KlasterDoksany\/IMG-20231204-WA00411.jpg\" alt=\"\" width=\"244\" height=\"346\" class=\"aligncenter size-full wp-image-560\" srcset=\"https:\/\/www.klasterdoksany.net\/wp-content\/uploads\/KlasterDoksany\/IMG-20231204-WA00411.jpg 244w, https:\/\/www.klasterdoksany.net\/wp-content\/uploads\/KlasterDoksany\/IMG-20231204-WA00411-212x300.jpg 212w\" sizes=\"auto, (max-width: 244px) 100vw, 244px\" \/><\/p>\n<\/p><\/div>\n<\/p><\/div>\n<\/p><\/div>\n<div class=\"builder-text-row\">\n<div class=\"builder-text-column builder-text-column-5\" id=\"builder-section-text_31-column-1\">\n<div class=\"builder-text-content\">\n<h2>Pobyt<\/h2>\n<p style=\"text-align: center\">Nab\u00edz\u00edme mo\u017enost pobytu d\u00edvk\u00e1m a \u017een\u00e1m, kter\u00e9 cht\u011bj\u00ed pro\u017e\u00edt n\u011bkolik dn\u00ed v tichu nebo bl\u00ed\u017ee poznat n\u00e1\u0161 zp\u016fsob \u017eivota modlitby.<\/p>\n<p><a href=\"http:\/\/www.klasterdoksany.net\/?page_id=965\">V\u00edce<\/a><\/p>\n<\/p><\/div>\n<\/p><\/div>\n<div class=\"builder-text-column builder-text-column-6\" id=\"builder-section-text_31-column-2\">\n<div class=\"builder-text-content\">\n<p><img loading=\"lazy\" decoding=\"async\" src=\"http:\/\/www.klasterdoksany.net\/wp-content\/uploads\/KlasterDoksany\/IMG_1420_Original.jpg\" alt=\"\" width=\"244\" height=\"346\" class=\"aligncenter size-full wp-image-568\" srcset=\"https:\/\/www.klasterdoksany.net\/wp-content\/uploads\/KlasterDoksany\/IMG_1420_Original.jpg 244w, https:\/\/www.klasterdoksany.net\/wp-content\/uploads\/KlasterDoksany\/IMG_1420_Original-212x300.jpg 212w\" sizes=\"auto, (max-width: 244px) 100vw, 244px\" \/><\/p>\n<\/p><\/div>\n<\/p><\/div>\n<div class=\"builder-text-column builder-text-column-7\" id=\"builder-section-text_31-column-3\">\n<div class=\"builder-text-content\">\n<h2>Prohl\u00eddky<\/h2>\n<p style=\"text-align: center\">N\u00e1v\u0161t\u011bvn\u00edc\u00ed mohou v are\u00e1lu doksansk\u00e9ho kl\u00e1\u0161tera nav\u0161t\u00edvit kostel a tzv. rom\u00e1nskou &#8222;kryptu&#8220;. Prohl\u00eddky organizuje farnost Doksany.<\/p>\n<p><a href=\"http:\/\/www.klasterdoksany.net\/?page_id=910\">V\u00edce<\/a><\/p>\n<\/p><\/div>\n<\/p><\/div>\n<div class=\"builder-text-column builder-text-column-8\" id=\"builder-section-text_31-column-4\">\n<div class=\"builder-text-content\">\n<p><img loading=\"lazy\" decoding=\"async\" src=\"http:\/\/www.klasterdoksany.net\/wp-content\/uploads\/KlasterDoksany\/MC_2021-06-15-0110-2.jpg\" alt=\"\" width=\"244\" height=\"346\" class=\"aligncenter size-full wp-image-572\" srcset=\"https:\/\/www.klasterdoksany.net\/wp-content\/uploads\/KlasterDoksany\/MC_2021-06-15-0110-2.jpg 244w, https:\/\/www.klasterdoksany.net\/wp-content\/uploads\/KlasterDoksany\/MC_2021-06-15-0110-2-212x300.jpg 212w\" sizes=\"auto, (max-width: 244px) 100vw, 244px\" \/><\/p>\n<\/p><\/div>\n<\/p><\/div>\n<\/p><\/div>\n<\/p><\/div>\n<\/section>\n","protected":false},"excerpt":{"rendered":"<p>N\u00e1\u0161 \u017eivot \u017dijeme kontemplativn\u00edm \u017eivotem s klauzurou vyhrazenou Konstitucemi. V\u00edce P\u0159\u00edmluvn\u00e1 modlitba Slu\u017ebu C\u00edrkvi a lidem vyjad\u0159ujeme tak\u00e9 p\u0159\u00edmluvnou modlitbou na va\u0161e \u00famysly. V\u00edce Pobyt Nab\u00edz\u00edme mo\u017enost pobytu d\u00edvk\u00e1m a \u017een\u00e1m, kter\u00e9 cht\u011bj\u00ed pro\u017e\u00edt n\u011bkolik dn\u00ed v tichu nebo bl\u00ed\u017ee poznat n\u00e1\u0161 zp\u016fsob \u017eivota modlitby. V\u00edce Prohl\u00eddky N\u00e1v\u0161t\u011bvn\u00edc\u00ed mohou v are\u00e1lu doksansk\u00e9ho kl\u00e1\u0161tera nav\u0161t\u00edvit kostel &hellip;<\/p>\n","protected":false},"author":1,"featured_media":0,"parent":0,"menu_order":0,"comment_status":"closed","ping_status":"closed","template":"template-builder.php","meta":{"footnotes":""},"class_list":["post-1001","page","type-page","status-publish","hentry"],"_links":{"self":[{"href":"https:\/\/www.klasterdoksany.net\/index.php?rest_route=\/wp\/v2\/pages\/1001","targetHints":{"allow":["GET"]}}],"collection":[{"href":"https:\/\/www.klasterdoksany.net\/index.php?rest_route=\/wp\/v2\/pages"}],"about":[{"href":"https:\/\/www.klasterdoksany.net\/index.php?rest_route=\/wp\/v2\/types\/page"}],"author":[{"embeddable":true,"href":"https:\/\/www.klasterdoksany.net\/index.php?rest_route=\/wp\/v2\/users\/1"}],"replies":[{"embeddable":true,"href":"https:\/\/www.klasterdoksany.net\/index.php?rest_route=%2Fwp%2Fv2%2Fcomments&post=1001"}],"version-history":[{"count":19,"href":"https:\/\/www.klasterdoksany.net\/index.php?rest_route=\/wp\/v2\/pages\/1001\/revisions"}],"predecessor-version":[{"id":1136,"href":"https:\/\/www.klasterdoksany.net\/index.php?rest_route=\/wp\/v2\/pages\/1001\/revisions\/1136"}],"wp:attachment":[{"href":"https:\/\/www.klasterdoksany.net\/index.php?rest_route=%2Fwp%2Fv2%2Fmedia&parent=1001"}],"curies":[{"name":"wp","href":"https:\/\/api.w.org\/{rel}","templated":true}]}}